CRAN Package Check Results for Package fitur

Last updated on 2020-01-27 00:48:03 CET.

Flavor Version Tinstall Tcheck Ttotal Status Flags
r-devel-linux-x86_64-debian-clang 0.6.1 9.98 99.45 109.43 OK
r-devel-linux-x86_64-debian-gcc 0.6.1 8.50 75.47 83.97 OK
r-devel-linux-x86_64-fedora-clang 0.6.1 129.89 NOTE
r-devel-linux-x86_64-fedora-gcc 0.6.1 132.13 NOTE
r-devel-windows-ix86+x86_64 0.6.1 40.00 151.00 191.00 OK
r-devel-windows-ix86+x86_64-gcc8 0.6.1 36.00 113.00 149.00 OK
r-patched-linux-x86_64 0.6.1 7.86 87.90 95.76 OK
r-patched-solaris-x86 0.6.1 178.20 NOTE
r-release-linux-x86_64 0.6.1 6.66 87.50 94.16 OK
r-release-windows-ix86+x86_64 0.6.1 16.00 109.00 125.00 OK
r-release-osx-x86_64 0.6.1 NOTE
r-oldrel-windows-ix86+x86_64 0.6.1 10.00 88.00 98.00 OK
r-oldrel-osx-x86_64 0.6.1 NOTE

Check Details

Version: 0.6.1
Check: dependencies in R code
Result: NOTE
    Namespace in Imports field not imported from: ‘rstudioapi’
     All declared Imports should be used.
Flavors: r-devel-linux-x86_64-fedora-clang, r-devel-linux-x86_64-fedora-gcc, r-patched-solaris-x86, r-release-osx-x86_64, r-oldrel-osx-x86_64