CRAN Package Check Results for Package fitteR

Last updated on 2020-01-27 00:48:03 CET.

Flavor Version Tinstall Tcheck Ttotal Status Flags
r-devel-linux-x86_64-debian-clang 0.1.0 6.28 66.36 72.64 NOTE
r-devel-linux-x86_64-debian-gcc 0.1.0 5.29 49.19 54.48 NOTE
r-devel-linux-x86_64-fedora-clang 0.1.0 83.31 NOTE
r-devel-linux-x86_64-fedora-gcc 0.1.0 80.47 NOTE
r-devel-windows-ix86+x86_64 0.1.0 30.00 96.00 126.00 OK
r-devel-windows-ix86+x86_64-gcc8 0.1.0 27.00 123.00 150.00 NOTE
r-patched-linux-x86_64 0.1.0 5.27 59.48 64.75 NOTE
r-patched-solaris-x86 0.1.0 105.70 NOTE
r-release-linux-x86_64 0.1.0 4.43 59.45 63.88 NOTE
r-release-windows-ix86+x86_64 0.1.0 10.00 68.00 78.00 OK
r-release-osx-x86_64 0.1.0 NOTE
r-oldrel-windows-ix86+x86_64 0.1.0 7.00 57.00 64.00 OK
r-oldrel-osx-x86_64 0.1.0 NOTE

Check Details

Version: 0.1.0
Check: package dependencies
Result: NOTE
    Package suggested but not available for checking: 'ExtDist'
Flavors: r-devel-linux-x86_64-debian-clang, r-devel-windows-ix86+x86_64-gcc8, r-release-osx-x86_64, r-oldrel-osx-x86_64

Version: 0.1.0
Check: package dependencies
Result: NOTE
    Packages suggested but not available for checking:
     'ExtDist', 'PearsonDS', 'QRM'
Flavor: r-devel-linux-x86_64-debian-gcc

Version: 0.1.0
Check: package dependencies
Result: NOTE
    Packages suggested but not available for checking: 'ExtDist', 'QRM'
Flavors: r-devel-linux-x86_64-fedora-clang, r-devel-linux-x86_64-fedora-gcc, r-patched-linux-x86_64, r-patched-solaris-x86, r-release-linux-x86_64