CRAN Package Check Results for Package fitbitScraper

Last updated on 2020-01-27 00:48:03 CET.

Flavor Version Tinstall Tcheck Ttotal Status Flags
r-devel-linux-x86_64-debian-clang 0.1.8 2.24 20.29 22.53 OK --no-vignettes
r-devel-linux-x86_64-debian-gcc 0.1.8 1.80 16.16 17.96 OK --no-vignettes
r-devel-linux-x86_64-fedora-clang 0.1.8 27.62 OK --no-vignettes
r-devel-linux-x86_64-fedora-gcc 0.1.8 27.86 OK --no-vignettes
r-devel-windows-ix86+x86_64 0.1.8 6.00 48.00 54.00 OK --no-vignettes
r-devel-windows-ix86+x86_64-gcc8 0.1.8 9.00 46.00 55.00 OK --no-vignettes
r-patched-linux-x86_64 0.1.8 1.83 18.53 20.36 OK --no-vignettes
r-patched-solaris-x86 0.1.8 40.40 OK --no-vignettes
r-release-linux-x86_64 0.1.8 1.86 18.45 20.31 OK --no-vignettes
r-release-windows-ix86+x86_64 0.1.8 5.00 52.00 57.00 OK --no-vignettes
r-release-osx-x86_64 0.1.8 WARN
r-oldrel-windows-ix86+x86_64 0.1.8 3.00 41.00 44.00 OK --no-vignettes
r-oldrel-osx-x86_64 0.1.8 WARN

Check Details

Version: 0.1.8
Check: re-building of vignette outputs
Result: WARN
    Error(s) in re-building vignettes:
     ...
    --- re-building ‘fitbitScraper-examples.Rmd’ using rmarkdown
    Warning in engine$weave(file, quiet = quiet, encoding = enc) :
     Pandoc (>= 1.12.3) and/or pandoc-citeproc not available. Falling back to R Markdown v1.
    Quitting from lines 22-24 (fitbitScraper-examples.Rmd)
    Error: processing vignette 'fitbitScraper-examples.Rmd' failed with diagnostics:
    login failed
    --- failed re-building ‘fitbitScraper-examples.Rmd’
    
    SUMMARY: processing the following file failed:
     ‘fitbitScraper-examples.Rmd’
    
    Error: Vignette re-building failed.
    Execution halted
Flavor: r-release-osx-x86_64

Version: 0.1.8
Check: re-building of vignette outputs
Result: WARN
    Error in re-building vignettes:
     ...
    Warning in engine$weave(file, quiet = quiet, encoding = enc) :
     Pandoc (>= 1.12.3) and/or pandoc-citeproc not available. Falling back to R Markdown v1.
    Quitting from lines 22-24 (fitbitScraper-examples.Rmd)
    Error: processing vignette 'fitbitScraper-examples.Rmd' failed with diagnostics:
    login failed
    Execution halted
Flavor: r-oldrel-osx-x86_64