CRAN Package Check Results for Package fingertipsR

Last updated on 2020-01-27 00:48:02 CET.

Flavor Version Tinstall Tcheck Ttotal Status Flags
r-devel-linux-x86_64-debian-clang 1.0.0 7.49 119.49 126.98 ERROR
r-devel-linux-x86_64-debian-gcc 1.0.0 5.82 91.44 97.26 ERROR
r-devel-linux-x86_64-fedora-clang 1.0.0 149.19 ERROR
r-devel-linux-x86_64-fedora-gcc 1.0.0 152.00 ERROR
r-devel-windows-ix86+x86_64 1.0.0 33.00 452.00 485.00 ERROR
r-devel-windows-ix86+x86_64-gcc8 1.0.0 26.00 0.00 26.00 FAIL
r-patched-linux-x86_64 1.0.0 6.12 108.53 114.65 ERROR
r-patched-solaris-x86 1.0.0 197.60 ERROR
r-release-linux-x86_64 1.0.0 5.71 107.89 113.60 ERROR
r-release-windows-ix86+x86_64 1.0.0 11.00 495.00 506.00 ERROR
r-release-osx-x86_64 1.0.0 WARN
r-oldrel-windows-ix86+x86_64 1.0.0 7.00 406.00 413.00 ERROR
r-oldrel-osx-x86_64 1.0.0 WARN

Check Details

Version: 1.0.0
Check: tests
Result: ERROR
     Running 'a-c.R' [6s/24s]
     Running 'd.R' [12s/62s]
     Running 'e.R' [28s/155s]
     Running 'f-z.R' [13s/62s]
    Running the tests in 'tests/d.R' failed.
    Complete output:
     > library(testthat)
     > library(fingertipsR)
     >
     > test_check("fingertipsR", filter = "^[d]")
    
     |
     | | 0%
     |
     |================== | 25%
     |
     |=================================== | 50%
     |
     |==================================================== | 75%
     |
     |======================================================================| 100%-- 1. Failure: the columns of deprivation decile function are as expected (@test
     nrow(dep_102_2015) > 2 isn't true.
    
     -- 2. Failure: the columns of deprivation decile function are as expected (@test
     nrow(dep_101_2015) > 2 isn't true.
    
     -- 3. Failure: the columns of deprivation decile function are as expected (@test
     nrow(dep_7_2015) > 2 isn't true.
    
     -- 4. Failure: the columns of deprivation decile function are as expected (@test
     nrow(dep_201_2015) > 2 isn't true.
    
     -- 5. Failure: the columns of deprivation decile function are as expected (@test
     nrow(dep_202_2015) > 2 isn't true.
    
     -- 6. Failure: the columns of deprivation decile function are as expected (@test
     nrow(dep_154_2015) > 2 isn't true.
    
     -- 7. Failure: the columns of deprivation decile function are as expected (@test
     nrow(dep_165_2015) > 2 isn't true.
    
     -- 8. Failure: the columns of deprivation decile function are as expected (@test
     nrow(dep_8_2015) > 2 isn't true.
    
     == testthat results ===========================================================
     [ OK: 42 | SKIPPED: 0 | WARNINGS: 0 | FAILED: 8 ]
     1. Failure: the columns of deprivation decile function are as expected (@test-deprivation.R#105)
     2. Failure: the columns of deprivation decile function are as expected (@test-deprivation.R#107)
     3. Failure: the columns of deprivation decile function are as expected (@test-deprivation.R#111)
     4. Failure: the columns of deprivation decile function are as expected (@test-deprivation.R#113)
     5. Failure: the columns of deprivation decile function are as expected (@test-deprivation.R#115)
     6. Failure: the columns of deprivation decile function are as expected (@test-deprivation.R#117)
     7. Failure: the columns of deprivation decile function are as expected (@test-deprivation.R#119)
     8. Failure: the columns of deprivation decile function are as expected (@test-deprivation.R#121)
    
     Error: testthat unit tests failed
     Execution halted
Flavor: r-devel-linux-x86_64-debian-clang

Version: 1.0.0
Check: re-building of vignette outputs
Result: WARN
    Error(s) in re-building vignettes:
     ...
    --- re-building 'lifeExpectancy.Rmd' using rmarkdown
    Quitting from lines 140-156 (lifeExpectancy.Rmd)
    Error: processing vignette 'lifeExpectancy.Rmd' failed with diagnostics:
    Faceting variables must have at least one value
    --- failed re-building 'lifeExpectancy.Rmd'
    
    --- re-building 'selectIndicatorsRedRed.Rmd' using rmarkdown
    --- finished re-building 'selectIndicatorsRedRed.Rmd'
    
    SUMMARY: processing the following file failed:
     'lifeExpectancy.Rmd'
    
    Error: Vignette re-building failed.
    Execution halted
Flavors: r-devel-linux-x86_64-debian-clang, r-devel-linux-x86_64-debian-gcc, r-patched-linux-x86_64, r-release-linux-x86_64

Version: 1.0.0
Check: tests
Result: ERROR
     Running ‘a-c.R’ [4s/22s]
     Running ‘d.R’ [8s/60s]
     Running ‘e.R’ [21s/155s]
     Running ‘f-z.R’ [11s/55s]
    Running the tests in ‘tests/d.R’ failed.
    Complete output:
     > library(testthat)
     > library(fingertipsR)
     >
     > test_check("fingertipsR", filter = "^[d]")
    
     |
     | | 0%
     |
     |================== | 25%
     |
     |=================================== | 50%
     |
     |==================================================== | 75%
     |
     |======================================================================| 100%── 1. Failure: the columns of deprivation decile function are as expected (@test
     nrow(dep_102_2015) > 2 isn't true.
    
     ── 2. Failure: the columns of deprivation decile function are as expected (@test
     nrow(dep_101_2015) > 2 isn't true.
    
     ── 3. Failure: the columns of deprivation decile function are as expected (@test
     nrow(dep_7_2015) > 2 isn't true.
    
     ── 4. Failure: the columns of deprivation decile function are as expected (@test
     nrow(dep_201_2015) > 2 isn't true.
    
     ── 5. Failure: the columns of deprivation decile function are as expected (@test
     nrow(dep_202_2015) > 2 isn't true.
    
     ── 6. Failure: the columns of deprivation decile function are as expected (@test
     nrow(dep_154_2015) > 2 isn't true.
    
     ── 7. Failure: the columns of deprivation decile function are as expected (@test
     nrow(dep_165_2015) > 2 isn't true.
    
     ── 8. Failure: the columns of deprivation decile function are as expected (@test
     nrow(dep_8_2015) > 2 isn't true.
    
     ══ testthat results ═══════════════════════════════════════════════════════════
     [ OK: 42 | SKIPPED: 0 | WARNINGS: 0 | FAILED: 8 ]
     1. Failure: the columns of deprivation decile function are as expected (@test-deprivation.R#105)
     2. Failure: the columns of deprivation decile function are as expected (@test-deprivation.R#107)
     3. Failure: the columns of deprivation decile function are as expected (@test-deprivation.R#111)
     4. Failure: the columns of deprivation decile function are as expected (@test-deprivation.R#113)
     5. Failure: the columns of deprivation decile function are as expected (@test-deprivation.R#115)
     6. Failure: the columns of deprivation decile function are as expected (@test-deprivation.R#117)
     7. Failure: the columns of deprivation decile function are as expected (@test-deprivation.R#119)
     8. Failure: the columns of deprivation decile function are as expected (@test-deprivation.R#121)
    
     Error: testthat unit tests failed
     Execution halted
Flavor: r-devel-linux-x86_64-debian-gcc

Version: 1.0.0
Check: tests
Result: ERROR
     Running ‘a-c.R’ [6s/26s]
     Running ‘d.R’ [13s/57s]
     Running ‘e.R’ [32s/131s]
     Running ‘f-z.R’ [17s/56s]
    Running the tests in ‘tests/d.R’ failed.
    Complete output:
     > library(testthat)
     > library(fingertipsR)
     >
     > test_check("fingertipsR", filter = "^[d]")
    
     |
     | | 0%
     |
     |================== | 25%
     |
     |=================================== | 50%
     |
     |==================================================== | 75%
     |
     |======================================================================| 100%── 1. Failure: the columns of deprivation decile function are as expected (@test
     nrow(dep_102_2015) > 2 isn't true.
    
     ── 2. Failure: the columns of deprivation decile function are as expected (@test
     nrow(dep_101_2015) > 2 isn't true.
    
     ── 3. Failure: the columns of deprivation decile function are as expected (@test
     nrow(dep_7_2015) > 2 isn't true.
    
     ── 4. Failure: the columns of deprivation decile function are as expected (@test
     nrow(dep_201_2015) > 2 isn't true.
    
     ── 5. Failure: the columns of deprivation decile function are as expected (@test
     nrow(dep_202_2015) > 2 isn't true.
    
     ── 6. Failure: the columns of deprivation decile function are as expected (@test
     nrow(dep_154_2015) > 2 isn't true.
    
     ── 7. Failure: the columns of deprivation decile function are as expected (@test
     nrow(dep_165_2015) > 2 isn't true.
    
     ── 8. Failure: the columns of deprivation decile function are as expected (@test
     nrow(dep_8_2015) > 2 isn't true.
    
     ══ testthat results ═══════════════════════════════════════════════════════════
     [ OK: 42 | SKIPPED: 0 | WARNINGS: 0 | FAILED: 8 ]
     1. Failure: the columns of deprivation decile function are as expected (@test-deprivation.R#105)
     2. Failure: the columns of deprivation decile function are as expected (@test-deprivation.R#107)
     3. Failure: the columns of deprivation decile function are as expected (@test-deprivation.R#111)
     4. Failure: the columns of deprivation decile function are as expected (@test-deprivation.R#113)
     5. Failure: the columns of deprivation decile function are as expected (@test-deprivation.R#115)
     6. Failure: the columns of deprivation decile function are as expected (@test-deprivation.R#117)
     7. Failure: the columns of deprivation decile function are as expected (@test-deprivation.R#119)
     8. Failure: the columns of deprivation decile function are as expected (@test-deprivation.R#121)
    
     Error: testthat unit tests failed
     Execution halted
Flavor: r-devel-linux-x86_64-fedora-clang

Version: 1.0.0
Check: re-building of vignette outputs
Result: WARN
    Error(s) in re-building vignettes:
    --- re-building ‘lifeExpectancy.Rmd’ using rmarkdown
    Quitting from lines 140-156 (lifeExpectancy.Rmd)
    Error: processing vignette 'lifeExpectancy.Rmd' failed with diagnostics:
    Faceting variables must have at least one value
    --- failed re-building ‘lifeExpectancy.Rmd’
    
    --- re-building ‘selectIndicatorsRedRed.Rmd’ using rmarkdown
    --- finished re-building ‘selectIndicatorsRedRed.Rmd’
    
    SUMMARY: processing the following file failed:
     ‘lifeExpectancy.Rmd’
    
    Error: Vignette re-building failed.
    Execution halted
Flavors: r-devel-linux-x86_64-fedora-clang, r-devel-linux-x86_64-fedora-gcc, r-devel-windows-ix86+x86_64, r-release-windows-ix86+x86_64

Version: 1.0.0
Check: tests
Result: ERROR
     Running ‘a-c.R’ [6s/30s]
     Running ‘d.R’ [14s/83s]
     Running ‘e.R’ [33s/155s]
     Running ‘f-z.R’ [17s/76s]
    Running the tests in ‘tests/d.R’ failed.
    Complete output:
     > library(testthat)
     > library(fingertipsR)
     >
     > test_check("fingertipsR", filter = "^[d]")
    
     |
     | | 0%
     |
     |================== | 25%
     |
     |=================================== | 50%
     |
     |==================================================== | 75%
     |
     |======================================================================| 100%── 1. Failure: the columns of deprivation decile function are as expected (@test
     nrow(dep_102_2015) > 2 isn't true.
    
     ── 2. Failure: the columns of deprivation decile function are as expected (@test
     nrow(dep_101_2015) > 2 isn't true.
    
     ── 3. Failure: the columns of deprivation decile function are as expected (@test
     nrow(dep_7_2015) > 2 isn't true.
    
     ── 4. Failure: the columns of deprivation decile function are as expected (@test
     nrow(dep_201_2015) > 2 isn't true.
    
     ── 5. Failure: the columns of deprivation decile function are as expected (@test
     nrow(dep_202_2015) > 2 isn't true.
    
     ── 6. Failure: the columns of deprivation decile function are as expected (@test
     nrow(dep_154_2015) > 2 isn't true.
    
     ── 7. Failure: the columns of deprivation decile function are as expected (@test
     nrow(dep_165_2015) > 2 isn't true.
    
     ── 8. Failure: the columns of deprivation decile function are as expected (@test
     nrow(dep_8_2015) > 2 isn't true.
    
     ══ testthat results ═══════════════════════════════════════════════════════════
     [ OK: 42 | SKIPPED: 0 | WARNINGS: 0 | FAILED: 8 ]
     1. Failure: the columns of deprivation decile function are as expected (@test-deprivation.R#105)
     2. Failure: the columns of deprivation decile function are as expected (@test-deprivation.R#107)
     3. Failure: the columns of deprivation decile function are as expected (@test-deprivation.R#111)
     4. Failure: the columns of deprivation decile function are as expected (@test-deprivation.R#113)
     5. Failure: the columns of deprivation decile function are as expected (@test-deprivation.R#115)
     6. Failure: the columns of deprivation decile function are as expected (@test-deprivation.R#117)
     7. Failure: the columns of deprivation decile function are as expected (@test-deprivation.R#119)
     8. Failure: the columns of deprivation decile function are as expected (@test-deprivation.R#121)
    
     Error: testthat unit tests failed
     Execution halted
Flavor: r-devel-linux-x86_64-fedora-gcc

Version: 1.0.0
Check: tests
Result: ERROR
     Running 'a-c.R' [24s]
     Running 'd.R' [64s]
     Running 'e.R' [159s]
     Running 'f-z.R' [58s]
    Running the tests in 'tests/d.R' failed.
    Complete output:
     > library(testthat)
     > library(fingertipsR)
     >
     > test_check("fingertipsR", filter = "^[d]")
    
     |
     | | 0%
     |
     |================== | 25%
     |
     |=================================== | 50%
     |
     |==================================================== | 75%
     |
     |======================================================================| 100%-- 1. Failure: the columns of deprivation decile function are as expected (@test
     nrow(dep_102_2015) > 2 isn't true.
    
     -- 2. Failure: the columns of deprivation decile function are as expected (@test
     nrow(dep_101_2015) > 2 isn't true.
    
     -- 3. Failure: the columns of deprivation decile function are as expected (@test
     nrow(dep_7_2015) > 2 isn't true.
    
     -- 4. Failure: the columns of deprivation decile function are as expected (@test
     nrow(dep_201_2015) > 2 isn't true.
    
     -- 5. Failure: the columns of deprivation decile function are as expected (@test
     nrow(dep_202_2015) > 2 isn't true.
    
     -- 6. Failure: the columns of deprivation decile function are as expected (@test
     nrow(dep_154_2015) > 2 isn't true.
    
     -- 7. Failure: the columns of deprivation decile function are as expected (@test
     nrow(dep_165_2015) > 2 isn't true.
    
     -- 8. Failure: the columns of deprivation decile function are as expected (@test
     nrow(dep_8_2015) > 2 isn't true.
    
     == testthat results ===========================================================
     [ OK: 42 | SKIPPED: 0 | WARNINGS: 0 | FAILED: 8 ]
     1. Failure: the columns of deprivation decile function are as expected (@test-deprivation.R#105)
     2. Failure: the columns of deprivation decile function are as expected (@test-deprivation.R#107)
     3. Failure: the columns of deprivation decile function are as expected (@test-deprivation.R#111)
     4. Failure: the columns of deprivation decile function are as expected (@test-deprivation.R#113)
     5. Failure: the columns of deprivation decile function are as expected (@test-deprivation.R#115)
     6. Failure: the columns of deprivation decile function are as expected (@test-deprivation.R#117)
     7. Failure: the columns of deprivation decile function are as expected (@test-deprivation.R#119)
     8. Failure: the columns of deprivation decile function are as expected (@test-deprivation.R#121)
    
     Error: testthat unit tests failed
     Execution halted
Flavor: r-devel-windows-ix86+x86_64

Version: 1.0.0
Check: tests
Result: FAIL
    Check process probably crashed or hung up for 20 minutes ... killed
    Most likely this happened in the example checks (?),
    if not, ignore the following last lines of example output:
    > flush(stderr()); flush(stdout())
    >
    > ### Name: select_indicators
    > ### Title: Select indicator
    > ### Aliases: select_indicators
    >
    > ### ** Examples
    >
    > ## Not run:
    > ##D # Opens a browser window allowing the user to select indicators by their name, domain and profile
    > ##D inds <- select_indicators()
    > ## End(Not run)
    >
    >
    >
    > ### * <FOOTER>
    > ###
    > cleanEx()
    > options(digits = 7L)
    > base::cat("Time elapsed: ", proc.time() - base::get("ptime", pos = 'CheckExEnv'),"\n")
    Time elapsed: 3.62 0.36 39.87 NA NA
    > grDevices::dev.off()
    null device
     1
    > ###
    > ### Local variables: ***
    > ### mode: outline-minor ***
    > ### outline-regexp: "\\(> \\)?### [*]+" ***
    > ### End: ***
    > quit('no')
    ======== End of example output (where/before crash/hang up occured ?) ========
Flavor: r-devel-windows-ix86+x86_64-gcc8

Version: 1.0.0
Check: tests
Result: ERROR
     Running ‘a-c.R’ [5s/30s]
     Running ‘d.R’ [10s/68s]
     Running ‘e.R’ [25s/171s]
     Running ‘f-z.R’ [13s/65s]
    Running the tests in ‘tests/d.R’ failed.
    Complete output:
     > library(testthat)
     > library(fingertipsR)
     >
     > test_check("fingertipsR", filter = "^[d]")
    
     |
     | | 0%
     |
     |================== | 25%
     |
     |=================================== | 50%
     |
     |==================================================== | 75%
     |
     |======================================================================| 100%── 1. Failure: the columns of deprivation decile function are as expected (@test
     nrow(dep_102_2015) > 2 isn't true.
    
     ── 2. Failure: the columns of deprivation decile function are as expected (@test
     nrow(dep_101_2015) > 2 isn't true.
    
     ── 3. Failure: the columns of deprivation decile function are as expected (@test
     nrow(dep_7_2015) > 2 isn't true.
    
     ── 4. Failure: the columns of deprivation decile function are as expected (@test
     nrow(dep_201_2015) > 2 isn't true.
    
     ── 5. Failure: the columns of deprivation decile function are as expected (@test
     nrow(dep_202_2015) > 2 isn't true.
    
     ── 6. Failure: the columns of deprivation decile function are as expected (@test
     nrow(dep_154_2015) > 2 isn't true.
    
     ── 7. Failure: the columns of deprivation decile function are as expected (@test
     nrow(dep_165_2015) > 2 isn't true.
    
     ── 8. Failure: the columns of deprivation decile function are as expected (@test
     nrow(dep_8_2015) > 2 isn't true.
    
     ══ testthat results ═══════════════════════════════════════════════════════════
     [ OK: 42 | SKIPPED: 0 | WARNINGS: 0 | FAILED: 8 ]
     1. Failure: the columns of deprivation decile function are as expected (@test-deprivation.R#105)
     2. Failure: the columns of deprivation decile function are as expected (@test-deprivation.R#107)
     3. Failure: the columns of deprivation decile function are as expected (@test-deprivation.R#111)
     4. Failure: the columns of deprivation decile function are as expected (@test-deprivation.R#113)
     5. Failure: the columns of deprivation decile function are as expected (@test-deprivation.R#115)
     6. Failure: the columns of deprivation decile function are as expected (@test-deprivation.R#117)
     7. Failure: the columns of deprivation decile function are as expected (@test-deprivation.R#119)
     8. Failure: the columns of deprivation decile function are as expected (@test-deprivation.R#121)
    
     Error: testthat unit tests failed
     Execution halted
Flavor: r-patched-linux-x86_64

Version: 1.0.0
Check: tests
Result: ERROR
     Running ‘a-c.R’ [8s/51s]
     Running ‘d.R’ [15s/68s]
     Running ‘e.R’ [43s/181s]
     Running ‘f-z.R’ [16s/72s]
    Running the tests in ‘tests/d.R’ failed.
    Complete output:
     > library(testthat)
     > library(fingertipsR)
     >
     > test_check("fingertipsR", filter = "^[d]")
    
     |
     | | 0%
     |
     |================== | 25%
     |
     |=================================== | 50%
     |
     |==================================================== | 75%
     |
     |======================================================================| 100%── 1. Failure: the columns of deprivation decile function are as expected (@test
     nrow(dep_102_2015) > 2 isn't true.
    
     ── 2. Failure: the columns of deprivation decile function are as expected (@test
     nrow(dep_101_2015) > 2 isn't true.
    
     ── 3. Failure: the columns of deprivation decile function are as expected (@test
     nrow(dep_7_2015) > 2 isn't true.
    
     ── 4. Failure: the columns of deprivation decile function are as expected (@test
     nrow(dep_201_2015) > 2 isn't true.
    
     ── 5. Failure: the columns of deprivation decile function are as expected (@test
     nrow(dep_202_2015) > 2 isn't true.
    
     ── 6. Failure: the columns of deprivation decile function are as expected (@test
     nrow(dep_154_2015) > 2 isn't true.
    
     ── 7. Failure: the columns of deprivation decile function are as expected (@test
     nrow(dep_165_2015) > 2 isn't true.
    
     ── 8. Failure: the columns of deprivation decile function are as expected (@test
     nrow(dep_8_2015) > 2 isn't true.
    
     ══ testthat results ═══════════════════════════════════════════════════════════
     [ OK: 42 | SKIPPED: 0 | WARNINGS: 0 | FAILED: 8 ]
     1. Failure: the columns of deprivation decile function are as expected (@test-deprivation.R#105)
     2. Failure: the columns of deprivation decile function are as expected (@test-deprivation.R#107)
     3. Failure: the columns of deprivation decile function are as expected (@test-deprivation.R#111)
     4. Failure: the columns of deprivation decile function are as expected (@test-deprivation.R#113)
     5. Failure: the columns of deprivation decile function are as expected (@test-deprivation.R#115)
     6. Failure: the columns of deprivation decile function are as expected (@test-deprivation.R#117)
     7. Failure: the columns of deprivation decile function are as expected (@test-deprivation.R#119)
     8. Failure: the columns of deprivation decile function are as expected (@test-deprivation.R#121)
    
     Error: testthat unit tests failed
     Execution halted
Flavor: r-patched-solaris-x86

Version: 1.0.0
Check: re-building of vignette outputs
Result: WARN
    Error(s) in re-building vignettes:
     ...
    --- re-building ‘lifeExpectancy.Rmd’ using rmarkdown
    Warning in engine$weave(file, quiet = quiet, encoding = enc) :
     Pandoc (>= 1.12.3) and/or pandoc-citeproc not available. Falling back to R Markdown v1.
    Quitting from lines 70-72 (lifeExpectancy.Rmd)
    Error: processing vignette 'lifeExpectancy.Rmd' failed with diagnostics:
    there is no package called 'webshot'
    --- failed re-building ‘lifeExpectancy.Rmd’
    
    --- re-building ‘selectIndicatorsRedRed.Rmd’ using rmarkdown
    Warning in engine$weave(file, quiet = quiet, encoding = enc) :
     Pandoc (>= 1.12.3) and/or pandoc-citeproc not available. Falling back to R Markdown v1.
    --- finished re-building ‘selectIndicatorsRedRed.Rmd’
    
    SUMMARY: processing the following file failed:
     ‘lifeExpectancy.Rmd’
    
    Error: Vignette re-building failed.
    Execution halted
Flavor: r-patched-solaris-x86

Version: 1.0.0
Check: tests
Result: ERROR
     Running ‘a-c.R’ [5s/23s]
     Running ‘d.R’ [10s/65s]
     Running ‘e.R’ [25s/156s]
     Running ‘f-z.R’ [14s/60s]
    Running the tests in ‘tests/d.R’ failed.
    Complete output:
     > library(testthat)
     > library(fingertipsR)
     >
     > test_check("fingertipsR", filter = "^[d]")
    
     |
     | | 0%
     |
     |================== | 25%
     |
     |=================================== | 50%
     |
     |==================================================== | 75%
     |
     |======================================================================| 100%── 1. Failure: the columns of deprivation decile function are as expected (@test
     nrow(dep_102_2015) > 2 isn't true.
    
     ── 2. Failure: the columns of deprivation decile function are as expected (@test
     nrow(dep_101_2015) > 2 isn't true.
    
     ── 3. Failure: the columns of deprivation decile function are as expected (@test
     nrow(dep_7_2015) > 2 isn't true.
    
     ── 4. Failure: the columns of deprivation decile function are as expected (@test
     nrow(dep_201_2015) > 2 isn't true.
    
     ── 5. Failure: the columns of deprivation decile function are as expected (@test
     nrow(dep_202_2015) > 2 isn't true.
    
     ── 6. Failure: the columns of deprivation decile function are as expected (@test
     nrow(dep_154_2015) > 2 isn't true.
    
     ── 7. Failure: the columns of deprivation decile function are as expected (@test
     nrow(dep_165_2015) > 2 isn't true.
    
     ── 8. Failure: the columns of deprivation decile function are as expected (@test
     nrow(dep_8_2015) > 2 isn't true.
    
     ══ testthat results ═══════════════════════════════════════════════════════════
     [ OK: 42 | SKIPPED: 0 | WARNINGS: 0 | FAILED: 8 ]
     1. Failure: the columns of deprivation decile function are as expected (@test-deprivation.R#105)
     2. Failure: the columns of deprivation decile function are as expected (@test-deprivation.R#107)
     3. Failure: the columns of deprivation decile function are as expected (@test-deprivation.R#111)
     4. Failure: the columns of deprivation decile function are as expected (@test-deprivation.R#113)
     5. Failure: the columns of deprivation decile function are as expected (@test-deprivation.R#115)
     6. Failure: the columns of deprivation decile function are as expected (@test-deprivation.R#117)
     7. Failure: the columns of deprivation decile function are as expected (@test-deprivation.R#119)
     8. Failure: the columns of deprivation decile function are as expected (@test-deprivation.R#121)
    
     Error: testthat unit tests failed
     Execution halted
Flavor: r-release-linux-x86_64

Version: 1.0.0
Check: tests
Result: ERROR
     Running 'a-c.R' [28s]
     Running 'd.R' [81s]
     Running 'e.R' [189s]
     Running 'f-z.R' [63s]
    Running the tests in 'tests/d.R' failed.
    Complete output:
     > library(testthat)
     > library(fingertipsR)
     >
     > test_check("fingertipsR", filter = "^[d]")
    
     |
     | | 0%
     |
     |================== | 25%
     |
     |=================================== | 50%
     |
     |==================================================== | 75%
     |
     |======================================================================| 100%-- 1. Failure: the columns of deprivation decile function are as expected (@test
     nrow(dep_102_2015) > 2 isn't true.
    
     -- 2. Failure: the columns of deprivation decile function are as expected (@test
     nrow(dep_101_2015) > 2 isn't true.
    
     -- 3. Failure: the columns of deprivation decile function are as expected (@test
     nrow(dep_7_2015) > 2 isn't true.
    
     -- 4. Failure: the columns of deprivation decile function are as expected (@test
     nrow(dep_201_2015) > 2 isn't true.
    
     -- 5. Failure: the columns of deprivation decile function are as expected (@test
     nrow(dep_202_2015) > 2 isn't true.
    
     -- 6. Failure: the columns of deprivation decile function are as expected (@test
     nrow(dep_154_2015) > 2 isn't true.
    
     -- 7. Failure: the columns of deprivation decile function are as expected (@test
     nrow(dep_165_2015) > 2 isn't true.
    
     -- 8. Failure: the columns of deprivation decile function are as expected (@test
     nrow(dep_8_2015) > 2 isn't true.
    
     == testthat results ===========================================================
     [ OK: 42 | SKIPPED: 0 | WARNINGS: 0 | FAILED: 8 ]
     1. Failure: the columns of deprivation decile function are as expected (@test-deprivation.R#105)
     2. Failure: the columns of deprivation decile function are as expected (@test-deprivation.R#107)
     3. Failure: the columns of deprivation decile function are as expected (@test-deprivation.R#111)
     4. Failure: the columns of deprivation decile function are as expected (@test-deprivation.R#113)
     5. Failure: the columns of deprivation decile function are as expected (@test-deprivation.R#115)
     6. Failure: the columns of deprivation decile function are as expected (@test-deprivation.R#117)
     7. Failure: the columns of deprivation decile function are as expected (@test-deprivation.R#119)
     8. Failure: the columns of deprivation decile function are as expected (@test-deprivation.R#121)
    
     Error: testthat unit tests failed
     Execution halted
Flavor: r-release-windows-ix86+x86_64

Version: 1.0.0
Check: re-building of vignette outputs
Result: WARN
    Error(s) in re-building vignettes:
     ...
    --- re-building ‘lifeExpectancy.Rmd’ using rmarkdown
    Warning in engine$weave(file, quiet = quiet, encoding = enc) :
     Pandoc (>= 1.12.3) and/or pandoc-citeproc not available. Falling back to R Markdown v1.
    Quitting from lines 70-72 (lifeExpectancy.Rmd)
    Error: processing vignette 'lifeExpectancy.Rmd' failed with diagnostics:
    cannot open the connection
    --- failed re-building ‘lifeExpectancy.Rmd’
    
    --- re-building ‘selectIndicatorsRedRed.Rmd’ using rmarkdown
    Warning in engine$weave(file, quiet = quiet, encoding = enc) :
     Pandoc (>= 1.12.3) and/or pandoc-citeproc not available. Falling back to R Markdown v1.
    --- finished re-building ‘selectIndicatorsRedRed.Rmd’
    
    SUMMARY: processing the following file failed:
     ‘lifeExpectancy.Rmd’
    
    Error: Vignette re-building failed.
    Execution halted
Flavor: r-release-osx-x86_64

Version: 1.0.0
Check: tests
Result: ERROR
     Running 'a-c.R' [34s]
     Running 'd.R' [86s]
     Running 'e.R' [189s]
     Running 'f-z.R' [73s]
    Running the tests in 'tests/d.R' failed.
    Complete output:
     > library(testthat)
     > library(fingertipsR)
     >
     > test_check("fingertipsR", filter = "^[d]")
    
     |
     | | 0%
     |
     |================== | 25%
     |
     |=================================== | 50%
     |
     |==================================================== | 75%
     |
     |======================================================================| 100%-- 1. Failure: the columns of deprivation decile function are as expected (@test
     nrow(dep_102_2015) > 2 isn't true.
    
     -- 2. Failure: the columns of deprivation decile function are as expected (@test
     nrow(dep_101_2015) > 2 isn't true.
    
     -- 3. Failure: the columns of deprivation decile function are as expected (@test
     nrow(dep_7_2015) > 2 isn't true.
    
     -- 4. Failure: the columns of deprivation decile function are as expected (@test
     nrow(dep_201_2015) > 2 isn't true.
    
     -- 5. Failure: the columns of deprivation decile function are as expected (@test
     nrow(dep_202_2015) > 2 isn't true.
    
     -- 6. Failure: the columns of deprivation decile function are as expected (@test
     nrow(dep_154_2015) > 2 isn't true.
    
     -- 7. Failure: the columns of deprivation decile function are as expected (@test
     nrow(dep_165_2015) > 2 isn't true.
    
     -- 8. Failure: the columns of deprivation decile function are as expected (@test
     nrow(dep_8_2015) > 2 isn't true.
    
     == testthat results ===========================================================
     [ OK: 42 | SKIPPED: 0 | WARNINGS: 0 | FAILED: 8 ]
     1. Failure: the columns of deprivation decile function are as expected (@test-deprivation.R#105)
     2. Failure: the columns of deprivation decile function are as expected (@test-deprivation.R#107)
     3. Failure: the columns of deprivation decile function are as expected (@test-deprivation.R#111)
     4. Failure: the columns of deprivation decile function are as expected (@test-deprivation.R#113)
     5. Failure: the columns of deprivation decile function are as expected (@test-deprivation.R#115)
     6. Failure: the columns of deprivation decile function are as expected (@test-deprivation.R#117)
     7. Failure: the columns of deprivation decile function are as expected (@test-deprivation.R#119)
     8. Failure: the columns of deprivation decile function are as expected (@test-deprivation.R#121)
    
     Error: testthat unit tests failed
     Execution halted
Flavor: r-oldrel-windows-ix86+x86_64

Version: 1.0.0
Check: re-building of vignette outputs
Result: WARN
    Error in re-building vignettes:
     ...
    Quitting from lines 140-156 (lifeExpectancy.Rmd)
    Error: processing vignette 'lifeExpectancy.Rmd' failed with diagnostics:
    Faceting variables must have at least one value
    Execution halted
Flavor: r-oldrel-windows-ix86+x86_64

Version: 1.0.0
Check: re-building of vignette outputs
Result: WARN
    Error in re-building vignettes:
     ...
    Warning in engine$weave(file, quiet = quiet, encoding = enc) :
     Pandoc (>= 1.12.3) and/or pandoc-citeproc not available. Falling back to R Markdown v1.
    Quitting from lines 70-72 (lifeExpectancy.Rmd)
    Error: processing vignette 'lifeExpectancy.Rmd' failed with diagnostics:
    cannot open the connection
    Execution halted
Flavor: r-oldrel-osx-x86_64