Last updated on 2020-01-27 00:48:02 CET.
Flavor | Version | Tinstall | Tcheck | Ttotal | Status | Flags |
---|---|---|---|---|---|---|
r-devel-linux-x86_64-debian-clang | 1.0-5 | 3.87 | 19.09 | 22.96 | WARN | |
r-devel-linux-x86_64-debian-gcc | 1.0-5 | 2.59 | 15.32 | 17.91 | WARN | |
r-devel-linux-x86_64-fedora-clang | 1.0-5 | 29.48 | WARN | |||
r-devel-linux-x86_64-fedora-gcc | 1.0-5 | 29.36 | WARN | |||
r-devel-windows-ix86+x86_64 | 1.0-5 | 12.00 | 41.00 | 53.00 | OK | |
r-devel-windows-ix86+x86_64-gcc8 | 1.0-5 | 9.00 | 53.00 | 62.00 | OK | |
r-patched-linux-x86_64 | 1.0-5 | 2.61 | 18.24 | 20.85 | OK | |
r-patched-solaris-x86 | 1.0-5 | 35.20 | OK | |||
r-release-linux-x86_64 | 1.0-5 | 2.77 | 18.00 | 20.77 | OK | |
r-release-windows-ix86+x86_64 | 1.0-5 | 8.00 | 50.00 | 58.00 | OK | |
r-release-osx-x86_64 | 1.0-5 | OK | ||||
r-oldrel-windows-ix86+x86_64 | 1.0-5 | 6.00 | 50.00 | 56.00 | OK | |
r-oldrel-osx-x86_64 | 1.0-5 | OK |
Version: 1.0-5
Check: whether package can be installed
Result: WARN
Found the following significant warnings:
'config' variable 'CPP' is deprecated
Flavors: r-devel-linux-x86_64-debian-clang, r-devel-linux-x86_64-debian-gcc, r-devel-linux-x86_64-fedora-clang, r-devel-linux-x86_64-fedora-gcc