CRAN Package Check Results for Package febr

Last updated on 2020-01-27 00:48:02 CET.

Flavor Version Tinstall Tcheck Ttotal Status Flags
r-devel-linux-x86_64-debian-clang 1.0.2 6.75 52.47 59.22 OK
r-devel-linux-x86_64-debian-gcc 1.0.3 5.42 40.23 45.65 OK
r-devel-linux-x86_64-fedora-clang 1.0.3 70.80 OK
r-devel-linux-x86_64-fedora-gcc 1.0.3 71.24 OK
r-devel-windows-ix86+x86_64 1.0.2 18.00 117.00 135.00 OK
r-devel-windows-ix86+x86_64-gcc8 1.0.2 28.00 87.00 115.00 OK
r-patched-linux-x86_64 1.0.2 6.00 46.64 52.64 OK
r-patched-solaris-x86 1.0.3 87.10 OK
r-release-linux-x86_64 1.0.2 5.07 45.78 50.85 OK
r-release-windows-ix86+x86_64 1.0.2 14.00 83.00 97.00 OK
r-release-osx-x86_64 1.0.2 OK
r-oldrel-windows-ix86+x86_64 1.0.3 15.00 8.00 23.00 ERROR
r-oldrel-osx-x86_64 1.0.2 OK

Check Details

Version: 1.0.3
Check: whether package can be installed
Result: ERROR
    Installation failed.
Flavor: r-oldrel-windows-ix86+x86_64