Last updated on 2020-01-27 00:48:02 CET.
Flavor | Version | Tinstall | Tcheck | Ttotal | Status | Flags |
---|---|---|---|---|---|---|
r-devel-linux-x86_64-debian-clang | 0.1.2 | 24.06 | 48.85 | 72.91 | OK | |
r-devel-linux-x86_64-debian-gcc | 0.1.2 | 14.97 | 37.17 | 52.14 | OK | |
r-devel-linux-x86_64-fedora-clang | 0.1.2 | 94.41 | OK | |||
r-devel-linux-x86_64-fedora-gcc | 0.1.2 | 93.44 | OK | |||
r-devel-windows-ix86+x86_64 | 0.1.2 | 86.00 | 129.00 | 215.00 | OK | |
r-devel-windows-ix86+x86_64-gcc8 | 0.1.2 | 80.00 | 135.00 | 215.00 | NOTE | |
r-patched-linux-x86_64 | 0.1.2 | 15.77 | 44.07 | 59.84 | OK | |
r-patched-solaris-x86 | 0.1.2 | 102.90 | OK | |||
r-release-linux-x86_64 | 0.1.2 | 17.80 | 43.78 | 61.58 | OK | |
r-release-windows-ix86+x86_64 | 0.1.2 | 56.00 | 96.00 | 152.00 | OK | |
r-release-osx-x86_64 | 0.1.2 | OK | ||||
r-oldrel-windows-ix86+x86_64 | 0.1.2 | 37.00 | 82.00 | 119.00 | OK | |
r-oldrel-osx-x86_64 | 0.1.2 | OK |
Version: 0.1.2
Check: installed package size
Result: NOTE
installed size is 5.4Mb
sub-directories of 1Mb or more:
data 3.3Mb
libs 2.0Mb
Flavor: r-devel-windows-ix86+x86_64-gcc8