CRAN Package Check Results for Package fcuk

Last updated on 2020-01-27 00:48:02 CET.

Flavor Version Tinstall Tcheck Ttotal Status Flags
r-devel-linux-x86_64-debian-clang 0.1.21 2.66 47.23 49.89 NOTE
r-devel-linux-x86_64-debian-gcc 0.1.21 1.87 35.58 37.45 NOTE
r-devel-linux-x86_64-fedora-clang 0.1.21 60.53 NOTE
r-devel-linux-x86_64-fedora-gcc 0.1.21 60.18 NOTE
r-devel-windows-ix86+x86_64 0.1.21 8.00 66.00 74.00 OK
r-devel-windows-ix86+x86_64-gcc8 0.1.21 15.00 47.00 62.00 OK
r-patched-linux-x86_64 0.1.21 1.93 41.62 43.55 OK
r-patched-solaris-x86 0.1.21 55.60 OK
r-release-linux-x86_64 0.1.21 2.03 41.08 43.11 OK
r-release-windows-ix86+x86_64 0.1.21 5.00 41.00 46.00 OK
r-release-osx-x86_64 0.1.21 OK
r-oldrel-windows-ix86+x86_64 0.1.21 4.00 40.00 44.00 OK
r-oldrel-osx-x86_64 0.1.21 OK

Check Details

Version: 0.1.21
Check: for non-standard things in the check directory
Result: NOTE
    Found the following files/directories:
     '.Rprofile'
Flavors: r-devel-linux-x86_64-debian-clang, r-devel-linux-x86_64-debian-gcc, r-devel-linux-x86_64-fedora-clang, r-devel-linux-x86_64-fedora-gcc