CRAN Package Check Results for Package fNonlinear

Last updated on 2020-01-27 00:48:03 CET.

Flavor Version Tinstall Tcheck Ttotal Status Flags
r-devel-linux-x86_64-debian-clang 3042.79 6.41 75.58 81.99 OK
r-devel-linux-x86_64-debian-gcc 3042.79 5.95 55.69 61.64 OK
r-devel-linux-x86_64-fedora-clang 3042.79 99.76 NOTE
r-devel-linux-x86_64-fedora-gcc 3042.79 95.82 NOTE
r-devel-windows-ix86+x86_64 3042.79 27.00 178.00 205.00 OK
r-devel-windows-ix86+x86_64-gcc8 3042.79 25.00 177.00 202.00 OK
r-patched-linux-x86_64 3042.79 5.87 66.72 72.59 OK
r-patched-solaris-x86 3042.79 130.80 OK
r-release-linux-x86_64 3042.79 4.72 65.85 70.57 OK
r-release-windows-ix86+x86_64 3042.79 14.00 112.00 126.00 OK
r-release-osx-x86_64 3042.79 OK
r-oldrel-windows-ix86+x86_64 3042.79 11.00 161.00 172.00 OK
r-oldrel-osx-x86_64 3042.79 OK

Check Details

Version: 3042.79
Check: compiled code
Result: NOTE
    File ‘fNonlinear/libs/fNonlinear.so’:
     Found no calls to: ‘R_registerRoutines’, ‘R_useDynamicSymbols’
    
    It is good practice to register native routines and to disable symbol
    search.
    
    See ‘Writing portable packages’ in the ‘Writing R Extensions’ manual.
Flavors: r-devel-linux-x86_64-fedora-clang, r-devel-linux-x86_64-fedora-gcc