CRAN Package Check Results for Package extraTrees

Last updated on 2020-01-27 00:48:02 CET.

Flavor Version Tinstall Tcheck Ttotal Status Flags
r-devel-linux-x86_64-debian-clang 1.0.5 3.32 55.15 58.47 NOTE
r-devel-linux-x86_64-debian-gcc 1.0.5 2.93 43.26 46.19 NOTE
r-devel-linux-x86_64-fedora-clang 1.0.5 74.75 NOTE
r-devel-linux-x86_64-fedora-gcc 1.0.5 75.68 NOTE
r-devel-windows-ix86+x86_64 1.0.5 12.00 83.00 95.00 NOTE
r-devel-windows-ix86+x86_64-gcc8 1.0.5 11.00 65.00 76.00 NOTE
r-patched-linux-x86_64 1.0.5 3.31 49.50 52.81 NOTE
r-patched-solaris-x86 1.0.5 89.90 NOTE
r-release-linux-x86_64 1.0.5 2.86 50.25 53.11 NOTE
r-release-windows-ix86+x86_64 1.0.5 8.00 57.00 65.00 NOTE
r-release-osx-x86_64 1.0.5 NOTE
r-oldrel-windows-ix86+x86_64 1.0.5 4.00 55.00 59.00 NOTE
r-oldrel-osx-x86_64 1.0.5 NOTE

Check Details

Version: 1.0.5
Check: R code for possible problems
Result: NOTE
    toJavaMatrix2D: no visible global function definition for 'is'
    Undefined global functions or variables:
     is
    Consider adding
     importFrom("methods", "is")
    to your NAMESPACE file (and ensure that your DESCRIPTION Imports field
    contains 'methods').
Flavors: r-devel-linux-x86_64-debian-clang, r-devel-linux-x86_64-debian-gcc, r-devel-linux-x86_64-fedora-clang, r-devel-linux-x86_64-fedora-gcc, r-devel-windows-ix86+x86_64, r-devel-windows-ix86+x86_64-gcc8, r-patched-linux-x86_64, r-patched-solaris-x86, r-release-linux-x86_64, r-release-windows-ix86+x86_64, r-release-osx-x86_64, r-oldrel-windows-ix86+x86_64, r-oldrel-osx-x86_64

Version: 1.0.5
Check: for non-standard things in the check directory
Result: NOTE
    Found the following files/directories:
     'temp.Rdata'
Flavors: r-devel-linux-x86_64-debian-clang, r-devel-linux-x86_64-debian-gcc, r-devel-linux-x86_64-fedora-clang, r-devel-linux-x86_64-fedora-gcc