Last updated on 2020-01-27 00:48:02 CET.
Flavor | Version | Tinstall | Tcheck | Ttotal | Status | Flags |
---|---|---|---|---|---|---|
r-devel-linux-x86_64-debian-clang | 0.0.3 | 3.74 | 31.44 | 35.18 | NOTE | |
r-devel-linux-x86_64-debian-gcc | 0.0.3 | 2.97 | 26.26 | 29.23 | NOTE | |
r-devel-linux-x86_64-fedora-clang | 0.0.3 | 45.13 | NOTE | |||
r-devel-linux-x86_64-fedora-gcc | 0.0.3 | 47.89 | NOTE | |||
r-devel-windows-ix86+x86_64 | 0.0.3 | 10.00 | 60.00 | 70.00 | NOTE | |
r-devel-windows-ix86+x86_64-gcc8 | 0.0.3 | 15.00 | 51.00 | 66.00 | NOTE | |
r-patched-linux-x86_64 | 0.0.3 | 3.13 | 31.18 | 34.31 | OK | |
r-patched-solaris-x86 | 0.0.3 | 67.50 | NOTE | |||
r-release-linux-x86_64 | 0.0.3 | 2.84 | 30.72 | 33.56 | OK | |
r-release-windows-ix86+x86_64 | 0.0.3 | 7.00 | 42.00 | 49.00 | OK | |
r-release-osx-x86_64 | 0.0.3 | NOTE | ||||
r-oldrel-windows-ix86+x86_64 | 0.0.3 | 5.00 | 43.00 | 48.00 | OK | |
r-oldrel-osx-x86_64 | 0.0.3 | NOTE |
Version: 0.0.3
Check: package vignettes
Result: NOTE
Package vignette with placeholder title 'Vignette Title':
'Vignette.Rmd'
Flavors: r-devel-linux-x86_64-debian-clang, r-devel-linux-x86_64-debian-gcc, r-devel-windows-ix86+x86_64, r-devel-windows-ix86+x86_64-gcc8
Version: 0.0.3
Check: dependencies in R code
Result: NOTE
Namespaces in Imports field not imported from:
‘Matrix’ ‘RColorBrewer’ ‘Rcpp’ ‘e1071’ ‘foreach’ ‘gam’ ‘ggplot2’
‘glmnet’ ‘nnet’ ‘polspline’ ‘repmis’ ‘splines’ ‘xgboost’
All declared Imports should be used.
Flavors: r-devel-linux-x86_64-fedora-clang, r-devel-linux-x86_64-fedora-gcc, r-patched-solaris-x86, r-release-osx-x86_64, r-oldrel-osx-x86_64