Last updated on 2020-01-27 00:48:02 CET.
Flavor | Version | Tinstall | Tcheck | Ttotal | Status | Flags |
---|---|---|---|---|---|---|
r-devel-linux-x86_64-debian-clang | 0.5.0 | 33.50 | 116.20 | 149.70 | OK | |
r-devel-linux-x86_64-debian-gcc | 0.5.0 | 23.89 | 88.61 | 112.50 | OK | |
r-devel-linux-x86_64-fedora-clang | 0.5.0 | 255.97 | OK | |||
r-devel-linux-x86_64-fedora-gcc | 0.5.0 | 228.38 | OK | |||
r-devel-windows-ix86+x86_64 | 0.5.0 | 77.00 | 214.00 | 291.00 | OK | |
r-devel-windows-ix86+x86_64-gcc8 | 0.5.0 | 113.00 | 187.00 | 300.00 | OK | |
r-patched-linux-x86_64 | 0.5.0 | 26.02 | 105.53 | 131.55 | OK | |
r-patched-solaris-x86 | 0.5.0 | 212.50 | OK | |||
r-release-linux-x86_64 | 0.5.0 | 25.73 | 106.56 | 132.29 | OK | |
r-release-windows-ix86+x86_64 | 0.5.0 | 72.00 | 153.00 | 225.00 | OK | |
r-release-osx-x86_64 | 0.5.0 | NOTE | ||||
r-oldrel-windows-ix86+x86_64 | 0.4.0 | 43.00 | 171.00 | 214.00 | OK | |
r-oldrel-osx-x86_64 | 0.5.0 | ERROR |
Version: 0.5.0
Check: dependencies in R code
Result: NOTE
No protocol specified
Flavor: r-release-osx-x86_64
Version: 0.5.0
Check: whether package can be installed
Result: ERROR
Installation failed.
Flavor: r-oldrel-osx-x86_64