Last updated on 2020-01-27 00:48:02 CET.
Flavor | Version | Tinstall | Tcheck | Ttotal | Status | Flags |
---|---|---|---|---|---|---|
r-devel-linux-x86_64-debian-clang | 3.10.4 | 56.79 | 611.71 | 668.50 | OK | |
r-devel-linux-x86_64-debian-gcc | 3.10.4 | 53.04 | 472.38 | 525.42 | OK | |
r-devel-linux-x86_64-fedora-clang | 3.10.4 | 809.33 | NOTE | |||
r-devel-linux-x86_64-fedora-gcc | 3.10.4 | 816.11 | OK | |||
r-devel-windows-ix86+x86_64 | 3.10.4 | 171.00 | 250.00 | 421.00 | OK | --no-examples --no-tests --no-vignettes |
r-devel-windows-ix86+x86_64-gcc8 | 3.10.4 | 169.00 | 251.00 | 420.00 | OK | --no-examples --no-tests --no-vignettes |
r-patched-linux-x86_64 | 3.10.4 | 49.11 | 561.68 | 610.79 | OK | |
r-patched-solaris-x86 | 3.10.4 | 1141.40 | OK | |||
r-release-linux-x86_64 | 3.10.4 | 52.33 | 564.91 | 617.24 | OK | |
r-release-windows-ix86+x86_64 | 3.10.4 | 124.00 | 334.00 | 458.00 | OK | --no-examples --no-tests --no-vignettes |
r-release-osx-x86_64 | 3.10.4 | NOTE | ||||
r-oldrel-windows-ix86+x86_64 | 3.10.4 | 110.00 | 216.00 | 326.00 | OK | --no-examples --no-tests --no-vignettes |
r-oldrel-osx-x86_64 | 3.10.4 | NOTE |
Version: 3.10.4
Check: installed package size
Result: NOTE
installed size is 5.6Mb
sub-directories of 1Mb or more:
doc 1.6Mb
libs 2.1Mb
Flavors: r-devel-linux-x86_64-fedora-clang, r-release-osx-x86_64, r-oldrel-osx-x86_64
Version: 3.10.4
Check: package dependencies
Result: NOTE
Package suggested but not available for checking: ‘Rmpi’
Flavors: r-release-osx-x86_64, r-oldrel-osx-x86_64