CRAN Package Check Results for Package equSA

Last updated on 2020-01-27 00:48:02 CET.

Flavor Version Tinstall Tcheck Ttotal Status Flags
r-devel-linux-x86_64-debian-clang 1.2.1 15.00 123.19 138.19 NOTE
r-devel-linux-x86_64-debian-gcc 1.2.1 12.33 92.31 104.64 NOTE
r-devel-linux-x86_64-fedora-clang 1.2.1 166.00 NOTE
r-devel-linux-x86_64-fedora-gcc 1.2.1 195.00 NOTE
r-devel-windows-ix86+x86_64 1.2.1 42.00 312.00 354.00 OK
r-devel-windows-ix86+x86_64-gcc8 1.2.1 43.00 250.00 293.00 OK
r-patched-linux-x86_64 1.2.1 12.95 129.19 142.14 OK
r-patched-solaris-x86 1.2.1 254.00 OK
r-release-linux-x86_64 1.2.1 12.30 126.92 139.22 OK
r-release-windows-ix86+x86_64 1.2.1 27.00 228.00 255.00 OK
r-release-osx-x86_64 1.2.1 OK
r-oldrel-windows-ix86+x86_64 1.2.1 20.00 208.00 228.00 OK
r-oldrel-osx-x86_64 1.2.1 OK

Check Details

Version: 1.2.1
Check: for non-standard things in the check directory
Result: NOTE
    Found the following files/directories:
     'Net1' 'Net2'
Flavors: r-devel-linux-x86_64-debian-clang, r-devel-linux-x86_64-debian-gcc, r-devel-linux-x86_64-fedora-clang, r-devel-linux-x86_64-fedora-gcc