Last updated on 2020-01-27 00:48:02 CET.
Flavor | Version | Tinstall | Tcheck | Ttotal | Status | Flags |
---|---|---|---|---|---|---|
r-devel-linux-x86_64-debian-clang | 1.4.3.01 | 12.51 | 200.28 | 212.79 | NOTE | |
r-devel-linux-x86_64-debian-gcc | 1.4.3.01 | 10.23 | 150.53 | 160.76 | NOTE | |
r-devel-linux-x86_64-fedora-clang | 1.4.3.01 | 253.39 | NOTE | |||
r-devel-linux-x86_64-fedora-gcc | 1.4.3.01 | 263.46 | NOTE | |||
r-devel-windows-ix86+x86_64 | 1.4.3.01 | 33.00 | 294.00 | 327.00 | OK | |
r-devel-windows-ix86+x86_64-gcc8 | 1.4.3.01 | 31.00 | 293.00 | 324.00 | OK | |
r-patched-linux-x86_64 | 1.4.3.01 | 10.41 | 176.23 | 186.64 | NOTE | |
r-patched-solaris-x86 | 1.4.3.01 | 289.70 | NOTE | |||
r-release-linux-x86_64 | 1.4.3.01 | 10.15 | 176.17 | 186.32 | NOTE | |
r-release-windows-ix86+x86_64 | 1.4.3.01 | 17.00 | 195.00 | 212.00 | OK | |
r-release-osx-x86_64 | 1.4.3.01 | OK | ||||
r-oldrel-windows-ix86+x86_64 | 1.4.3.01 | 14.00 | 155.00 | 169.00 | WARN | |
r-oldrel-osx-x86_64 | 1.4.3.01 | OK |
Version: 1.4.3.01
Check: package dependencies
Result: NOTE
Package which this enhances but not available for checking: 'rstanarm'
Flavors: r-devel-linux-x86_64-debian-clang, r-devel-linux-x86_64-debian-gcc, r-devel-linux-x86_64-fedora-clang, r-devel-linux-x86_64-fedora-gcc, r-patched-linux-x86_64, r-patched-solaris-x86, r-release-linux-x86_64
Version: 1.4.3.01
Check: whether package can be installed
Result: WARN
Found the following significant warnings:
Warning: S3 methods 'print.sparseSummary', 'print.diagSummary', 'c.abIndex', 'c.sparseVector', 'as.array.Matrix', 'as.array.sparseVector', 'as.matrix.Matrix', 'as.matrix.sparseVector', 'as.vector.Matrix', 'as.vector.sparseVector' were declared in NAMESPACE but not found
Flavor: r-oldrel-windows-ix86+x86_64