CRAN Package Check Results for Package elastic

Last updated on 2020-01-27 00:48:02 CET.

Flavor Version Tinstall Tcheck Ttotal Status Flags
r-devel-linux-x86_64-debian-clang 1.1.0 7.36 42.79 50.15 OK
r-devel-linux-x86_64-debian-gcc 1.1.0 6.78 33.96 40.74 OK
r-devel-linux-x86_64-fedora-clang 1.1.0 62.20 OK
r-devel-linux-x86_64-fedora-gcc 1.1.0 64.36 OK
r-devel-windows-ix86+x86_64 1.1.0 18.00 84.00 102.00 OK
r-devel-windows-ix86+x86_64-gcc8 1.1.0 19.00 82.00 101.00 OK
r-patched-linux-x86_64 1.1.0 6.18 39.59 45.77 OK
r-patched-solaris-x86 1.1.0 78.60 NOTE
r-release-linux-x86_64 1.1.0 6.49 39.85 46.34 OK
r-release-windows-ix86+x86_64 1.1.0 12.00 56.00 68.00 OK
r-release-osx-x86_64 1.1.0 OK
r-oldrel-windows-ix86+x86_64 1.1.0 8.00 53.00 61.00 OK
r-oldrel-osx-x86_64 1.1.0 OK

Check Details

Version: 1.1.0
Check: installed package size
Result: NOTE
     installed size is 5.0Mb
     sub-directories of 1Mb or more:
     examples 4.2Mb
Flavor: r-patched-solaris-x86