CRAN Package Check Results for Package eDMA

Last updated on 2020-01-27 00:48:01 CET.

Flavor Version Tinstall Tcheck Ttotal Status Flags
r-devel-linux-x86_64-debian-clang 1.5-3 116.15 32.56 148.71 OK
r-devel-linux-x86_64-debian-gcc 1.5-3 83.39 25.80 109.19 OK
r-devel-linux-x86_64-fedora-clang 1.5-3 201.12 NOTE
r-devel-linux-x86_64-fedora-gcc 1.5-3 190.85 OK
r-devel-windows-ix86+x86_64 1.5-3 275.00 71.00 346.00 OK
r-devel-windows-ix86+x86_64-gcc8 1.5-3 294.00 75.00 369.00 OK
r-patched-linux-x86_64 1.5-3 92.54 29.37 121.91 OK
r-patched-solaris-x86 1.5-3 182.10 ERROR
r-release-linux-x86_64 1.5-3 86.25 28.98 115.23 OK
r-release-windows-ix86+x86_64 1.5-3 194.00 68.00 262.00 OK
r-release-osx-x86_64 1.5-3 OK
r-oldrel-windows-ix86+x86_64 1.5-3 160.00 63.00 223.00 OK
r-oldrel-osx-x86_64 1.5-3 OK

Check Details

Version: 1.5-3
Check: installed package size
Result: NOTE
     installed size is 5.7Mb
     sub-directories of 1Mb or more:
     libs 5.4Mb
Flavor: r-devel-linux-x86_64-fedora-clang

Version: 1.5-3
Check: examples
Result: ERROR
    Running examples in ‘eDMA-Ex.R’ failed
    The error most likely occurred in:
    
    > ### Name: BacktestDMA
    > ### Title: Backtest measures for Dynamic Model Averaging and comparison
    > ### with Dynamic Model Selection
    > ### Aliases: BacktestDMA
    >
    > ### ** Examples
    >
    >
    > library(eDMA)
    >
    > ## load data
    > data("USData")
    >
    > ## do DMA, keep the first three predictors fixed and the intercept
    > Fit <- DMA(GDPDEF ~ Lag(GDPDEF, 1) + Lag(GDPDEF, 2) + Lag(GDPDEF, 3) +
    + Lag(ROUTP, 1) + Lag(UNEMP, 1), data = USData, vDelta = c(0.9, 0.95, 0.99),
    + vKeep = c(1, 2, 3))
    
    error: sort(): detected NaN
    Error in funcEstimate_Eff_par(vY, mF, vDelta, dAlpha, vKeep, dBeta, bZellnerPrior, :
     sort(): detected NaN
    Calls: DMA -> funcEstimate_Eff_par
    Execution halted
Flavor: r-patched-solaris-x86