Last updated on 2020-01-27 00:48:01 CET.
Flavor | Version | Tinstall | Tcheck | Ttotal | Status | Flags |
---|---|---|---|---|---|---|
r-devel-linux-x86_64-debian-clang | 0.3-7 | 42.37 | 76.72 | 119.09 | OK | |
r-devel-linux-x86_64-debian-gcc | 0.3-7 | 32.45 | 59.62 | 92.07 | OK | |
r-devel-linux-x86_64-fedora-clang | 0.3-7 | 154.51 | NOTE | |||
r-devel-linux-x86_64-fedora-gcc | 0.3-7 | 143.51 | OK | |||
r-devel-windows-ix86+x86_64 | 0.3-7 | 78.00 | 203.00 | 281.00 | OK | |
r-devel-windows-ix86+x86_64-gcc8 | 0.3-7 | 94.00 | 133.00 | 227.00 | OK | |
r-patched-linux-x86_64 | 0.3-7 | 30.29 | 66.86 | 97.15 | OK | |
r-patched-solaris-x86 | 0.3-7 | 205.60 | OK | |||
r-release-linux-x86_64 | 0.3-7 | 30.90 | 65.94 | 96.84 | OK | |
r-release-windows-ix86+x86_64 | 0.3-7 | 66.00 | 114.00 | 180.00 | OK | |
r-release-osx-x86_64 | 0.3-7 | NOTE | ||||
r-oldrel-windows-ix86+x86_64 | 0.3-7 | 59.00 | 105.00 | 164.00 | OK | |
r-oldrel-osx-x86_64 | 0.3-7 | NOTE |
Version: 0.3-7
Check: installed package size
Result: NOTE
installed size is 6.3Mb
sub-directories of 1Mb or more:
libs 6.0Mb
Flavors: r-devel-linux-x86_64-fedora-clang, r-release-osx-x86_64, r-oldrel-osx-x86_64