CRAN Package Check Results for Package ds4psy

Last updated on 2020-01-27 00:48:01 CET.

Flavor Version Tinstall Tcheck Ttotal Status Flags
r-devel-linux-x86_64-debian-clang 0.1.0 5.75 56.81 62.56 OK
r-devel-linux-x86_64-debian-gcc 0.1.0 4.96 43.68 48.64 OK
r-devel-linux-x86_64-fedora-clang 0.1.0 76.05 NOTE
r-devel-linux-x86_64-fedora-gcc 0.1.0 74.22 NOTE
r-devel-windows-ix86+x86_64 0.1.0 27.00 101.00 128.00 OK
r-devel-windows-ix86+x86_64-gcc8 0.1.0 23.00 120.00 143.00 OK
r-patched-linux-x86_64 0.1.0 4.97 50.38 55.35 OK
r-patched-solaris-x86 0.1.0 101.30 NOTE
r-release-linux-x86_64 0.1.0 5.16 50.44 55.60 OK
r-release-windows-ix86+x86_64 0.1.0 13.00 67.00 80.00 OK
r-release-osx-x86_64 0.1.0 NOTE
r-oldrel-windows-ix86+x86_64 0.1.0 6.00 70.00 76.00 OK
r-oldrel-osx-x86_64 0.1.0 NOTE

Check Details

Version: 0.1.0
Check: dependencies in R code
Result: NOTE
    Namespaces in Imports field not imported from:
     ‘readr’ ‘tidyr’ ‘tidyverse’
     All declared Imports should be used.
Flavors: r-devel-linux-x86_64-fedora-clang, r-devel-linux-x86_64-fedora-gcc, r-patched-solaris-x86, r-release-osx-x86_64, r-oldrel-osx-x86_64