CRAN Package Check Results for Package dragon

Last updated on 2020-01-27 00:48:01 CET.

Flavor Version Tinstall Tcheck Ttotal Status Flags
r-devel-linux-x86_64-debian-clang 0.2.1 2.34 19.42 21.76 OK
r-devel-linux-x86_64-debian-gcc 0.2.1 1.97 15.70 17.67 OK
r-devel-linux-x86_64-fedora-clang 0.2.1 27.74 NOTE
r-devel-linux-x86_64-fedora-gcc 0.2.1 26.58 NOTE
r-devel-windows-ix86+x86_64 0.2.1 26.00 48.00 74.00 OK
r-devel-windows-ix86+x86_64-gcc8 0.2.1 13.00 37.00 50.00 OK
r-patched-linux-x86_64 0.2.1 1.91 18.27 20.18 OK
r-patched-solaris-x86 0.2.1 42.10 NOTE
r-release-linux-x86_64 0.2.1 1.84 17.79 19.63 OK
r-release-windows-ix86+x86_64 0.2.1 7.00 31.00 38.00 OK
r-release-osx-x86_64 0.2.1 NOTE
r-oldrel-windows-ix86+x86_64 0.2.1 5.00 31.00 36.00 OK
r-oldrel-osx-x86_64 0.2.1 NOTE

Check Details

Version: 0.2.1
Check: dependencies in R code
Result: NOTE
    Namespaces in Imports field not imported from:
     ‘DT’ ‘RColorBrewer’ ‘broom’ ‘colorspace’ ‘colourpicker’ ‘cowplot’
     ‘igraph’ ‘magrittr’ ‘shinyBS’ ‘shinyWidgets’ ‘shinydashboard’
     ‘shinythemes’ ‘tidyverse’ ‘visNetwork’
     All declared Imports should be used.
Flavors: r-devel-linux-x86_64-fedora-clang, r-devel-linux-x86_64-fedora-gcc, r-patched-solaris-x86, r-release-osx-x86_64, r-oldrel-osx-x86_64