CRAN Package Check Results for Package dplyrAssist

Last updated on 2020-01-27 00:48:01 CET.

Flavor Version Tinstall Tcheck Ttotal Status Flags
r-devel-linux-x86_64-debian-clang 0.1.0 5.54 41.48 47.02 OK
r-devel-linux-x86_64-debian-gcc 0.1.0 4.49 32.86 37.35 OK
r-devel-linux-x86_64-fedora-clang 0.1.0 56.44 NOTE
r-devel-linux-x86_64-fedora-gcc 0.1.0 56.09 NOTE
r-devel-windows-ix86+x86_64 0.1.0 32.00 101.00 133.00 OK
r-devel-windows-ix86+x86_64-gcc8 0.1.0 22.00 61.00 83.00 OK
r-patched-linux-x86_64 0.1.0 4.12 38.24 42.36 OK
r-patched-solaris-x86 0.1.0 80.40 NOTE
r-release-linux-x86_64 0.1.0 4.54 37.69 42.23 OK
r-release-windows-ix86+x86_64 0.1.0 9.00 58.00 67.00 OK
r-release-osx-x86_64 0.1.0 NOTE
r-oldrel-windows-ix86+x86_64 0.1.0 8.00 56.00 64.00 OK
r-oldrel-osx-x86_64 0.1.0 NOTE

Check Details

Version: 0.1.0
Check: dependencies in R code
Result: NOTE
    Namespaces in Imports field not imported from:
     ‘tidyr’ ‘tidyverse’
     All declared Imports should be used.
Flavors: r-devel-linux-x86_64-fedora-clang, r-devel-linux-x86_64-fedora-gcc, r-patched-solaris-x86, r-release-osx-x86_64, r-oldrel-osx-x86_64