CRAN Package Check Results for Package document

Last updated on 2020-01-27 00:48:01 CET.

Flavor Version Tinstall Tcheck Ttotal Status Flags
r-devel-linux-x86_64-debian-clang 3.2.0 2.42 125.03 127.45 OK
r-devel-linux-x86_64-debian-gcc 3.2.0 2.12 100.91 103.03 OK
r-devel-linux-x86_64-fedora-clang 3.2.0 162.97 OK
r-devel-linux-x86_64-fedora-gcc 3.2.0 161.34 OK
r-devel-windows-ix86+x86_64 3.2.0 8.00 344.00 352.00 OK
r-devel-windows-ix86+x86_64-gcc8 3.2.0 13.00 251.00 264.00 OK
r-patched-linux-x86_64 3.2.0 2.12 116.46 118.58 OK
r-patched-solaris-x86 3.2.0 118.90 ERROR
r-release-linux-x86_64 3.2.0 2.03 114.98 117.01 OK
r-release-windows-ix86+x86_64 3.2.0 6.00 217.00 223.00 OK
r-release-osx-x86_64 3.2.0 OK
r-oldrel-windows-ix86+x86_64 3.2.0 4.00 210.00 214.00 OK
r-oldrel-osx-x86_64 3.2.0 OK

Check Details

Version: 3.2.0
Check: tests
Result: ERROR
     Running ‘runit.R’ [16s/27s]
     Running ‘testthat.R’ [17s/28s]
    Running the tests in ‘tests/testthat.R’ failed.
    Complete output:
     > running_on_my_machines <- function() {
     + sys_info <- Sys.info()
     + r <- sys_info[["nodename"]] %in% c("h6", "h7") &&
     + sys_info[["effective_user"]] == "qwer" &&
     + .Platform[["OS.type"]] == "unix"
     + return(r)
     + }
     >
     > set_NOT_CRAN <- function() {
     + is_unset <- is.na(Sys.getenv("NOT_CRAN", unset = NA))
     + if (running_on_my_machines() && is_unset)
     + Sys.setenv("NOT_CRAN" = TRUE)
     + }
     >
     > set_NOT_CRAN()
     > library("testthat")
     > library("document")
     > test_check("document")
     ── R CMD build ─────────────────────────────────────────────────────────────────
     * checking for file ‘.../DESCRIPTION’ ... OK
     * preparing ‘mini.mal’:
     * checking DESCRIPTION meta-information ... OK
     * checking for LF line-endings in source and make files and shell scripts
     * checking for empty or unneeded directories
     * building ‘mini.mal_2.0.0.tar.gz’
    
     ── 1. Error: (unknown) (@test_basic.R#13) ─────────────────────────────────────
     Still alive
     Backtrace:
     1. document::document(file_name, check_package = TRUE, runit = TRUE)
     2. document:::check_package(...)
     3. rcmdcheck::rcmdcheck(...)
     4. rcmdcheck:::build_package(...)
     7. proc$get_built_file()
    
     ══ testthat results ═══════════════════════════════════════════════════════════
     [ OK: 0 | SKIPPED: 0 | WARNINGS: 1 | FAILED: 1 ]
     1. Error: (unknown) (@test_basic.R#13)
    
     Error: testthat unit tests failed
     Execution halted
Flavor: r-patched-solaris-x86