CRAN Package Check Results for Package diversitree

Last updated on 2020-01-27 00:48:01 CET.

Flavor Version Tinstall Tcheck Ttotal Status Flags
r-devel-linux-x86_64-debian-clang 0.9-13 76.89 108.41 185.30 OK
r-devel-linux-x86_64-debian-gcc 0.9-13 58.29 84.47 142.76 OK
r-devel-linux-x86_64-fedora-clang 0.9-13 241.38 NOTE
r-devel-linux-x86_64-fedora-gcc 0.9-13 238.25 OK
r-devel-windows-ix86+x86_64 0.9-13 210.00 191.00 401.00 NOTE
r-devel-windows-ix86+x86_64-gcc8 0.9-13 206.00 211.00 417.00 NOTE
r-patched-linux-x86_64 0.9-13 63.32 97.26 160.58 OK
r-patched-solaris-x86 0.9-13 211.90 OK
r-release-linux-x86_64 0.9-13 58.87 96.18 155.05 OK
r-release-windows-ix86+x86_64 0.9-13 148.00 131.00 279.00 NOTE
r-release-osx-x86_64 0.9-13 NOTE
r-oldrel-windows-ix86+x86_64 0.9-13 133.00 131.00 264.00 NOTE
r-oldrel-osx-x86_64 0.9-13 NOTE

Check Details

Version: 0.9-13
Check: installed package size
Result: NOTE
     installed size is 6.6Mb
     sub-directories of 1Mb or more:
     libs 5.3Mb
Flavors: r-devel-linux-x86_64-fedora-clang, r-devel-windows-ix86+x86_64, r-devel-windows-ix86+x86_64-gcc8, r-release-windows-ix86+x86_64, r-release-osx-x86_64, r-oldrel-windows-ix86+x86_64, r-oldrel-osx-x86_64