Last updated on 2020-01-27 00:48:01 CET.
Flavor | Version | Tinstall | Tcheck | Ttotal | Status | Flags |
---|---|---|---|---|---|---|
r-devel-linux-x86_64-debian-clang | 1.9.90 | 147.75 | 160.17 | 307.92 | NOTE | |
r-devel-linux-x86_64-debian-gcc | 1.9.90 | 98.49 | 126.58 | 225.07 | NOTE | |
r-devel-linux-x86_64-fedora-clang | 1.9.90 | 416.90 | NOTE | |||
r-devel-linux-x86_64-fedora-gcc | 1.9.90 | 381.03 | NOTE | |||
r-devel-windows-ix86+x86_64 | 1.9.90 | 398.00 | 341.00 | 739.00 | OK | |
r-devel-windows-ix86+x86_64-gcc8 | 1.9.90 | 424.00 | 235.00 | 659.00 | OK | |
r-patched-linux-x86_64 | 1.9.90 | 111.79 | 145.33 | 257.12 | NOTE | |
r-patched-solaris-x86 | 1.9.90 | 386.30 | NOTE | |||
r-release-linux-x86_64 | 1.9.90 | 112.27 | 143.53 | 255.80 | NOTE | |
r-release-windows-ix86+x86_64 | 1.9.90 | 261.00 | 211.00 | 472.00 | OK | |
r-release-osx-x86_64 | 1.9.90 | OK | ||||
r-oldrel-windows-ix86+x86_64 | 1.9.90 | 223.00 | 196.00 | 419.00 | OK | |
r-oldrel-osx-x86_64 | 1.9.90 | OK |
Version: 1.9.90
Check: package dependencies
Result: NOTE
Package suggested but not available for checking: 'HWxtest'
Flavors: r-devel-linux-x86_64-debian-clang, r-devel-linux-x86_64-debian-gcc, r-devel-linux-x86_64-fedora-clang, r-devel-linux-x86_64-fedora-gcc, r-patched-linux-x86_64, r-patched-solaris-x86, r-release-linux-x86_64
Version: 1.9.90
Check: installed package size
Result: NOTE
installed size is 6.2Mb
sub-directories of 1Mb or more:
libs 4.7Mb
Flavor: r-devel-linux-x86_64-fedora-clang