CRAN Package Check Results for Package distrTeach

Last updated on 2020-01-27 00:48:01 CET.

Flavor Version Tinstall Tcheck Ttotal Status Flags
r-devel-linux-x86_64-debian-clang 2.8.0 6.76 61.24 68.00 OK
r-devel-linux-x86_64-debian-gcc 2.8.0 0.31 1.65 1.96 ERROR
r-devel-linux-x86_64-fedora-clang 2.8.0 80.43 OK
r-devel-linux-x86_64-fedora-gcc 2.8.0 78.22 OK
r-devel-windows-ix86+x86_64 2.8.0 19.00 100.00 119.00 OK
r-devel-windows-ix86+x86_64-gcc8 2.8.0 16.00 74.00 90.00 OK
r-patched-linux-x86_64 2.8.0 4.99 55.45 60.44 OK
r-patched-solaris-x86 2.8.0 103.80 OK
r-release-linux-x86_64 2.8.0 5.41 54.92 60.33 OK
r-release-windows-ix86+x86_64 2.8.0 10.00 65.00 75.00 OK
r-release-osx-x86_64 2.8.0 OK
r-oldrel-windows-ix86+x86_64 2.8.0 6.00 66.00 72.00 OK
r-oldrel-osx-x86_64 2.8.0 OK

Check Details

Version: 2.8.0
Check: package dependencies
Result: ERROR
    Packages required but not available: 'distr', 'distrEx'
    
    See section ‘The DESCRIPTION file’ in the ‘Writing R Extensions’
    manual.
Flavor: r-devel-linux-x86_64-debian-gcc