CRAN Package Check Results for Package distrSim

Last updated on 2020-01-27 00:48:01 CET.

Flavor Version Tinstall Tcheck Ttotal Status Flags
r-devel-linux-x86_64-debian-clang 2.8.0 21.00 52.50 73.50 NOTE
r-devel-linux-x86_64-debian-gcc 2.8.0 0.34 1.65 1.99 ERROR
r-devel-linux-x86_64-fedora-clang 2.8.0 89.91 NOTE
r-devel-linux-x86_64-fedora-gcc 2.8.0 88.05 NOTE
r-devel-windows-ix86+x86_64 2.8.0 43.00 90.00 133.00 OK
r-devel-windows-ix86+x86_64-gcc8 2.8.0 38.00 66.00 104.00 OK
r-patched-linux-x86_64 2.8.0 15.07 48.06 63.13 OK
r-patched-solaris-x86 2.8.0 111.60 OK
r-release-linux-x86_64 2.8.0 14.71 48.81 63.52 OK
r-release-windows-ix86+x86_64 2.8.0 25.00 57.00 82.00 OK
r-release-osx-x86_64 2.8.0 OK
r-oldrel-windows-ix86+x86_64 2.8.0 20.00 55.00 75.00 OK
r-oldrel-osx-x86_64 2.8.0 OK

Check Details

Version: 2.8.0
Check: for non-standard things in the check directory
Result: NOTE
    Found the following files/directories:
     'csim' 'xyz' 'xyz.sav' 'xyz.sav.comment'
Flavors: r-devel-linux-x86_64-debian-clang, r-devel-linux-x86_64-fedora-clang, r-devel-linux-x86_64-fedora-gcc

Version: 2.8.0
Check: package dependencies
Result: ERROR
    Package required but not available: ‘distr’
    
    Package suggested but not available for checking: ‘distrEx’
    
    See section ‘The DESCRIPTION file’ in the ‘Writing R Extensions’
    manual.
Flavor: r-devel-linux-x86_64-debian-gcc