CRAN Package Check Results for Package distrMod

Last updated on 2020-01-27 00:48:01 CET.

Flavor Version Tinstall Tcheck Ttotal Status Flags
r-devel-linux-x86_64-debian-clang 2.8.3 46.63 183.74 230.37 OK
r-devel-linux-x86_64-debian-gcc 2.8.3 0.34 1.66 2.00 ERROR
r-devel-linux-x86_64-fedora-clang 2.8.3 279.98 OK
r-devel-linux-x86_64-fedora-gcc 2.8.3 277.76 OK
r-devel-windows-ix86+x86_64 2.8.3 89.00 271.00 360.00 OK
r-devel-windows-ix86+x86_64-gcc8 2.8.2 93.00 213.00 306.00 OK
r-patched-linux-x86_64 2.8.3 37.18 163.75 200.93 OK
r-patched-solaris-x86 2.8.3 315.50 OK
r-release-linux-x86_64 2.8.3 36.00 162.09 198.09 OK
r-release-windows-ix86+x86_64 2.8.3 51.00 192.00 243.00 OK
r-release-osx-x86_64 2.8.3 OK
r-oldrel-windows-ix86+x86_64 2.8.3 62.00 240.00 302.00 OK
r-oldrel-osx-x86_64 2.8.3 OK

Check Details

Version: 2.8.3
Check: package dependencies
Result: ERROR
    Packages required but not available:
     'distr', 'distrEx', 'RandVar', 'sfsmisc'
    
    Package which this enhances but not available for checking: ‘RobExtremes’
    
    See section ‘The DESCRIPTION file’ in the ‘Writing R Extensions’
    manual.
Flavor: r-devel-linux-x86_64-debian-gcc