Last updated on 2020-01-27 00:48:01 CET.
Flavor | Version | Tinstall | Tcheck | Ttotal | Status | Flags |
---|---|---|---|---|---|---|
r-devel-linux-x86_64-debian-clang | 2.8.0 | 35.93 | 91.28 | 127.21 | OK | |
r-devel-linux-x86_64-debian-gcc | 2.8.0 | 0.57 | 1.64 | 2.21 | ERROR | |
r-devel-linux-x86_64-fedora-clang | 2.8.0 | 151.43 | OK | |||
r-devel-linux-x86_64-fedora-gcc | 2.8.0 | 148.80 | OK | |||
r-devel-windows-ix86+x86_64 | 2.8.0 | 70.00 | 180.00 | 250.00 | OK | |
r-devel-windows-ix86+x86_64-gcc8 | 2.8.0 | 66.00 | 136.00 | 202.00 | OK | |
r-patched-linux-x86_64 | 2.8.0 | 25.99 | 82.03 | 108.02 | OK | |
r-patched-solaris-x86 | 2.8.0 | 171.20 | OK | |||
r-release-linux-x86_64 | 2.8.0 | 26.82 | 82.38 | 109.20 | OK | |
r-release-windows-ix86+x86_64 | 2.8.0 | 35.00 | 117.00 | 152.00 | OK | |
r-release-osx-x86_64 | 2.8.0 | OK | ||||
r-oldrel-windows-ix86+x86_64 | 2.8.0 | 29.00 | 108.00 | 137.00 | OK | |
r-oldrel-osx-x86_64 | 2.8.0 | OK |
Version: 2.8.0
Check: package dependencies
Result: ERROR
Package required but not available: ‘distr’
See section ‘The DESCRIPTION file’ in the ‘Writing R Extensions’
manual.
Flavor: r-devel-linux-x86_64-debian-gcc