CRAN Package Check Results for Package distrEllipse

Last updated on 2020-01-27 00:48:01 CET.

Flavor Version Tinstall Tcheck Ttotal Status Flags
r-devel-linux-x86_64-debian-clang 2.8.0 28.72 76.83 105.55 OK
r-devel-linux-x86_64-debian-gcc 2.8.0 0.32 1.80 2.12 ERROR
r-devel-linux-x86_64-fedora-clang 2.8.0 130.39 OK
r-devel-linux-x86_64-fedora-gcc 2.8.0 129.50 OK
r-devel-windows-ix86+x86_64 2.8.0 59.00 128.00 187.00 OK
r-devel-windows-ix86+x86_64-gcc8 2.8.0 58.00 93.00 151.00 OK
r-patched-linux-x86_64 2.8.0 21.57 69.46 91.03 OK
r-patched-solaris-x86 2.8.0 159.50 OK
r-release-linux-x86_64 2.8.0 18.54 70.27 88.81 OK
r-release-windows-ix86+x86_64 2.8.0 32.00 85.00 117.00 OK
r-release-osx-x86_64 2.8.0 OK
r-oldrel-windows-ix86+x86_64 2.8.0 22.00 75.00 97.00 OK
r-oldrel-osx-x86_64 2.8.0 OK

Check Details

Version: 2.8.0
Check: package dependencies
Result: ERROR
    Packages required but not available: 'distr', 'distrEx', 'distrSim'
    
    Packages suggested but not available for checking: 'distrMod', 'distrTEst'
    
    See section ‘The DESCRIPTION file’ in the ‘Writing R Extensions’
    manual.
Flavor: r-devel-linux-x86_64-debian-gcc