CRAN Package Check Results for Package distrDoc

Last updated on 2020-01-27 00:48:01 CET.

Flavor Version Tinstall Tcheck Ttotal Status Flags
r-devel-linux-x86_64-debian-clang 2.8.0 10.36 139.69 150.05 OK
r-devel-linux-x86_64-debian-gcc 2.8.0 0.51 1.96 2.47 ERROR
r-devel-linux-x86_64-fedora-clang 2.8.0 180.02 OK
r-devel-linux-x86_64-fedora-gcc 2.8.0 176.80 OK
r-devel-windows-ix86+x86_64 2.8.0 26.00 200.00 226.00 OK
r-devel-windows-ix86+x86_64-gcc8 2.8.0 27.00 149.00 176.00 OK
r-patched-linux-x86_64 2.8.0 8.03 125.91 133.94 OK
r-patched-solaris-x86 2.8.0 229.10 OK
r-release-linux-x86_64 2.8.0 7.25 124.85 132.10 OK
r-release-windows-ix86+x86_64 2.8.0 14.00 139.00 153.00 OK
r-release-osx-x86_64 2.8.0 NOTE
r-oldrel-windows-ix86+x86_64 2.8.0 10.00 128.00 138.00 OK
r-oldrel-osx-x86_64 2.8.0 OK

Check Details

Version: 2.8.0
Check: package dependencies
Result: ERROR
    Packages required but not available:
     'distr', 'distrEx', 'distrSim', 'distrTEst', 'distrTeach', 'RandVar',
     'distrMod'
    
    See section ‘The DESCRIPTION file’ in the ‘Writing R Extensions’
    manual.
Flavor: r-devel-linux-x86_64-debian-gcc

Version: 2.8.0
Check: package dependencies
Result: NOTE
    Package suggested but not available for checking: ‘Biobase’
Flavor: r-release-osx-x86_64