Last updated on 2020-01-27 00:48:01 CET.
Flavor | Version | Tinstall | Tcheck | Ttotal | Status | Flags |
---|---|---|---|---|---|---|
r-devel-linux-x86_64-debian-clang | 2.8.0 | 36.28 | 223.95 | 260.23 | OK | |
r-devel-linux-x86_64-debian-gcc | 2.8.0 | 0.58 | 1.88 | 2.46 | ERROR | |
r-devel-linux-x86_64-fedora-clang | 2.8.0 | 229.89 | OK | |||
r-devel-linux-x86_64-fedora-gcc | 2.8.0 | 226.50 | OK | |||
r-devel-windows-ix86+x86_64 | 2.8.0 | 85.00 | 491.00 | 576.00 | OK | |
r-devel-windows-ix86+x86_64-gcc8 | 2.8.0 | 73.00 | 405.00 | 478.00 | OK | |
r-patched-linux-x86_64 | 2.8.0 | 28.93 | 197.15 | 226.08 | OK | |
r-patched-solaris-x86 | 2.8.0 | 251.20 | OK | |||
r-release-linux-x86_64 | 2.8.0 | 27.44 | 196.43 | 223.87 | OK | |
r-release-windows-ix86+x86_64 | 2.8.0 | 44.00 | 341.00 | 385.00 | OK | |
r-release-osx-x86_64 | 2.8.0 | OK | ||||
r-oldrel-windows-ix86+x86_64 | 2.8.0 | 39.00 | 318.00 | 357.00 | OK | |
r-oldrel-osx-x86_64 | 2.8.0 | OK |
Version: 2.8.0
Check: package dependencies
Result: ERROR
Package required but not available: ‘sfsmisc’
Package suggested but not available for checking: ‘distrEx’
See section ‘The DESCRIPTION file’ in the ‘Writing R Extensions’
manual.
Flavor: r-devel-linux-x86_64-debian-gcc