CRAN Package Check Results for Package disto

Last updated on 2020-01-27 00:48:01 CET.

Flavor Version Tinstall Tcheck Ttotal Status Flags
r-devel-linux-x86_64-debian-clang 0.2.0 2.97 35.21 38.18 OK
r-devel-linux-x86_64-debian-gcc 0.2.0 2.40 28.23 30.63 OK
r-devel-linux-x86_64-fedora-clang 0.2.0 46.72 NOTE
r-devel-linux-x86_64-fedora-gcc 0.2.0 45.42 NOTE
r-devel-windows-ix86+x86_64 0.2.0 18.00 84.00 102.00 OK
r-devel-windows-ix86+x86_64-gcc8 0.2.0 12.00 54.00 66.00 OK
r-patched-linux-x86_64 0.2.0 2.19 33.35 35.54 OK
r-patched-solaris-x86 0.2.0 57.90 NOTE
r-release-linux-x86_64 0.2.0 2.18 33.05 35.23 OK
r-release-windows-ix86+x86_64 0.2.0 7.00 53.00 60.00 OK
r-release-osx-x86_64 0.2.0 NOTE
r-oldrel-windows-ix86+x86_64 0.2.0 4.00 53.00 57.00 OK
r-oldrel-osx-x86_64 0.2.0 NOTE

Check Details

Version: 0.2.0
Check: dependencies in R code
Result: NOTE
    Namespaces in Imports field not imported from:
     ‘dplyr’ ‘proxy’
     All declared Imports should be used.
Flavors: r-devel-linux-x86_64-fedora-clang, r-devel-linux-x86_64-fedora-gcc, r-patched-solaris-x86, r-release-osx-x86_64, r-oldrel-osx-x86_64