Last updated on 2020-01-27 00:48:01 CET.
Flavor | Version | Tinstall | Tcheck | Ttotal | Status | Flags |
---|---|---|---|---|---|---|
r-devel-linux-x86_64-debian-clang | 0.1.2 | 95.78 | 87.65 | 183.43 | NOTE | |
r-devel-linux-x86_64-debian-gcc | 0.1.2 | 77.62 | 67.14 | 144.76 | NOTE | |
r-devel-linux-x86_64-fedora-clang | 0.1.2 | 358.72 | NOTE | |||
r-devel-linux-x86_64-fedora-gcc | 0.1.2 | 342.81 | NOTE | |||
r-devel-windows-ix86+x86_64 | 0.1.2 | 150.00 | 426.00 | 576.00 | NOTE | |
r-devel-windows-ix86+x86_64-gcc8 | 0.1.2 | 184.00 | 322.00 | 506.00 | NOTE | |
r-patched-linux-x86_64 | 0.1.2 | 71.55 | 77.25 | 148.80 | NOTE | |
r-patched-solaris-x86 | 0.1.2 | 314.80 | NOTE | |||
r-release-linux-x86_64 | 0.1.2 | 72.05 | 78.70 | 150.75 | NOTE | |
r-release-windows-ix86+x86_64 | 0.1.2 | 132.00 | 268.00 | 400.00 | NOTE | |
r-release-osx-x86_64 | 0.1.2 | NOTE | ||||
r-oldrel-windows-ix86+x86_64 | 0.1.2 | 127.00 | 260.00 | 387.00 | NOTE | |
r-oldrel-osx-x86_64 | 0.1.2 | NOTE |
Version: 0.1.2
Check: package dependencies
Result: NOTE
Package suggested but not available for checking: 'INLA'
Flavors: r-devel-linux-x86_64-debian-clang, r-devel-linux-x86_64-debian-gcc, r-patched-linux-x86_64, r-patched-solaris-x86, r-release-linux-x86_64, r-release-osx-x86_64, r-oldrel-osx-x86_64
Version: 0.1.2
Check: installed package size
Result: NOTE
installed size is 20.7Mb
sub-directories of 1Mb or more:
libs 20.4Mb
Flavors: r-devel-linux-x86_64-fedora-clang, r-devel-windows-ix86+x86_64, r-devel-windows-ix86+x86_64-gcc8, r-release-windows-ix86+x86_64, r-release-osx-x86_64, r-oldrel-windows-ix86+x86_64, r-oldrel-osx-x86_64
Version: 0.1.2
Check: dependencies in R code
Result: NOTE
Namespaces in Imports field not imported from:
‘rgdal’ ‘rgeos’ ‘splancs’ ‘utils’
All declared Imports should be used.
Flavors: r-devel-linux-x86_64-fedora-clang, r-devel-linux-x86_64-fedora-gcc, r-patched-solaris-x86, r-release-osx-x86_64, r-oldrel-osx-x86_64