CRAN Package Check Results for Package directlabels

Last updated on 2020-01-27 00:48:01 CET.

Flavor Version Tinstall Tcheck Ttotal Status Flags
r-devel-linux-x86_64-debian-clang 2018.05.22 5.62 120.30 125.92 OK
r-devel-linux-x86_64-debian-gcc 2018.05.22 4.42 86.79 91.21 OK
r-devel-linux-x86_64-fedora-clang 2018.05.22 143.49 NOTE
r-devel-linux-x86_64-fedora-gcc 2018.05.22 145.65 OK
r-devel-windows-ix86+x86_64 2018.05.22 17.00 173.00 190.00 OK
r-devel-windows-ix86+x86_64-gcc8 2018.05.22 15.00 134.00 149.00 OK
r-patched-linux-x86_64 2018.05.22 4.49 107.63 112.12 OK
r-patched-solaris-x86 2018.05.22 166.20 OK
r-release-linux-x86_64 2018.05.22 4.49 106.46 110.95 OK
r-release-windows-ix86+x86_64 2018.05.22 8.00 115.00 123.00 OK
r-release-osx-x86_64 2018.05.22 OK
r-oldrel-windows-ix86+x86_64 2018.05.22 6.00 121.00 127.00 OK
r-oldrel-osx-x86_64 2018.05.22 OK

Check Details

Version: 2018.05.22
Check: package dependencies
Result: NOTE
    Suggests orphaned package: ‘ElemStatLearn’
Flavor: r-devel-linux-x86_64-fedora-clang