CRAN Package Check Results for Package difNLR

Last updated on 2020-01-27 00:48:01 CET.

Flavor Version Tinstall Tcheck Ttotal Status Flags
r-devel-linux-x86_64-debian-clang 1.3.0 15.95 104.21 120.16 OK
r-devel-linux-x86_64-debian-gcc 1.3.0 12.10 79.96 92.06 OK
r-devel-linux-x86_64-fedora-clang 1.3.0 143.91 OK
r-devel-linux-x86_64-fedora-gcc 1.3.0 140.93 OK
r-devel-windows-ix86+x86_64 1.3.0 26.00 156.00 182.00 OK
r-devel-windows-ix86+x86_64-gcc8 1.3.0 36.00 120.00 156.00 OK
r-patched-linux-x86_64 1.3.0 12.48 92.13 104.61 OK
r-patched-solaris-x86 1.3.0 184.80 OK
r-release-linux-x86_64 1.3.0 13.09 90.90 103.99 OK
r-release-windows-ix86+x86_64 1.3.0 23.00 102.00 125.00 OK
r-release-osx-x86_64 1.3.0 OK
r-oldrel-windows-ix86+x86_64 1.3.0 15.00 100.00 115.00 WARN
r-oldrel-osx-x86_64 1.3.0 OK

Check Details

Version: 1.3.0
Check: whether package can be installed
Result: WARN
    Found the following significant warnings:
     Warning: S3 methods '[.fun_list', '[.grouped_df', 'all.equal.tbl_df', 'anti_join.data.frame', 'anti_join.tbl_df', 'arrange.data.frame', 'arrange.default', 'arrange.grouped_df', 'arrange.tbl_df', 'arrange_.data.frame', 'arrange_.tbl_df', 'as.data.frame.grouped_df', 'as.data.frame.rowwise_df', 'as.data.frame.tbl_cube', 'as.table.tbl_cube', 'as.tbl.data.frame', 'as.tbl.tbl', 'as.tbl_cube.array', 'as.tbl_cube.data.frame', 'as.tbl_cube.matrix', 'as.tbl_cube.table', 'as_tibble.grouped_df', 'as_tibble.tbl_cube', 'auto_copy.tbl_cube', 'auto_copy.tbl_df', 'cbind.grouped_df', 'collapse.data.frame', 'collect.data.frame', 'common_by.NULL', 'common_by.character', 'common_by.default', 'common_by.list', 'compute.data.frame', 'copy_to.DBIConnection', 'copy_to.src_local', 'default_missing.data.frame', 'default_missing.default', 'dim.tbl_cube', 'distinct.data.frame', 'distinct.default', 'distinct.grouped_df', 'distinct.tbl_df', 'distinct_.data.frame', 'distinct_.grouped_df', 'distinct_.tbl_df', 'do.NULL', 'do.da [... truncated]
Flavor: r-oldrel-windows-ix86+x86_64