CRAN Package Check Results for Package dgof

Last updated on 2020-01-27 00:48:01 CET.

Flavor Version Tinstall Tcheck Ttotal Status Flags
r-devel-linux-x86_64-debian-clang 1.2 2.58 22.87 25.45 NOTE
r-devel-linux-x86_64-debian-gcc 1.2 2.41 18.29 20.70 NOTE
r-devel-linux-x86_64-fedora-clang 1.2 32.27 NOTE
r-devel-linux-x86_64-fedora-gcc 1.2 31.26 NOTE
r-devel-windows-ix86+x86_64 1.2 10.00 50.00 60.00 NOTE
r-devel-windows-ix86+x86_64-gcc8 1.2 8.00 70.00 78.00 NOTE
r-patched-linux-x86_64 1.2 2.53 20.65 23.18 NOTE
r-patched-solaris-x86 1.2 42.50 NOTE
r-release-linux-x86_64 1.2 2.55 21.26 23.81 NOTE
r-release-windows-ix86+x86_64 1.2 7.00 61.00 68.00 NOTE
r-release-osx-x86_64 1.2 NOTE
r-oldrel-windows-ix86+x86_64 1.2 5.00 38.00 43.00 NOTE
r-oldrel-osx-x86_64 1.2 NOTE

Check Details

Version: 1.2
Check: R code for possible problems
Result: NOTE
    cvm.test : cvm.pval.disc: no visible global function definition for
     'integrate'
    cvm.test : cvm.pval.disc: no visible global function definition for
     'dchisq'
    cvm.test : cvm.pval.disc: no visible global function definition for
     'nlm'
    cvm.test : cvm.stat.disc: no visible global function definition for
     'knots'
    cvm.test : cvm.pval.disc.sim: no visible global function definition for
     'knots'
    cvm.test : cvm.pval.disc.sim: no visible global function definition for
     'runif'
    cvm.test: no visible global function definition for 'is.stepfun'
    cvm.test: no visible global function definition for 'knots'
    ks.test : exact.pval : ts.pval: no visible global function definition
     for 'ecdf'
    ks.test : sim.pval: no visible global function definition for 'runif'
    ks.test : sim.pval : getks: no visible global function definition for
     'ecdf'
    ks.test: no visible global function definition for 'is.stepfun'
    ks.test: no visible global function definition for 'knots'
    ks.test: no visible global function definition for 'ecdf'
    Undefined global functions or variables:
     dchisq ecdf integrate is.stepfun knots nlm runif
    Consider adding
     importFrom("stats", "dchisq", "ecdf", "integrate", "is.stepfun",
     "knots", "nlm", "runif")
    to your NAMESPACE file.
Flavors: r-devel-linux-x86_64-debian-clang, r-devel-linux-x86_64-debian-gcc, r-devel-linux-x86_64-fedora-clang, r-devel-linux-x86_64-fedora-gcc, r-devel-windows-ix86+x86_64, r-devel-windows-ix86+x86_64-gcc8, r-patched-linux-x86_64, r-patched-solaris-x86, r-release-linux-x86_64, r-release-windows-ix86+x86_64, r-release-osx-x86_64, r-oldrel-windows-ix86+x86_64, r-oldrel-osx-x86_64

Version: 1.2
Check: compiled code
Result: NOTE
    File ‘dgof/libs/dgof.so’:
     Found no calls to: ‘R_registerRoutines’, ‘R_useDynamicSymbols’
    
    It is good practice to register native routines and to disable symbol
    search.
    
    See ‘Writing portable packages’ in the ‘Writing R Extensions’ manual.
Flavors: r-devel-linux-x86_64-fedora-clang, r-devel-linux-x86_64-fedora-gcc