CRAN Package Check Results for Package dga

Last updated on 2020-01-27 00:48:01 CET.

Flavor Version Tinstall Tcheck Ttotal Status Flags
r-devel-linux-x86_64-debian-clang 1.2 2.66 31.68 34.34 NOTE
r-devel-linux-x86_64-debian-gcc 1.2 2.08 23.80 25.88 NOTE
r-devel-linux-x86_64-fedora-clang 1.2 41.28 NOTE
r-devel-linux-x86_64-fedora-gcc 1.2 40.27 NOTE
r-devel-windows-ix86+x86_64 1.2 8.00 66.00 74.00 NOTE
r-devel-windows-ix86+x86_64-gcc8 1.2 7.00 63.00 70.00 NOTE
r-patched-linux-x86_64 1.2 1.77 28.37 30.14 NOTE
r-patched-solaris-x86 1.2 54.80 NOTE
r-release-linux-x86_64 1.2 1.96 28.40 30.36 NOTE
r-release-windows-ix86+x86_64 1.2 5.00 41.00 46.00 NOTE
r-release-osx-x86_64 1.2 NOTE
r-oldrel-windows-ix86+x86_64 1.2 3.00 59.00 62.00 NOTE
r-oldrel-osx-x86_64 1.2 NOTE

Check Details

Version: 1.2
Check: R code for possible problems
Result: NOTE
    makeAdjMatrix: no visible global function definition for 'combn'
    plotPosteriorN: no visible global function definition for 'plot'
    plotPosteriorN: no visible global function definition for 'title'
    plotPosteriorN: no visible global function definition for 'lines'
    plotPosteriorN: no visible global function definition for 'legend'
    venn3: no visible global function definition for 'plot'
    venn3: no visible global function definition for 'runif'
    venn3: no visible global function definition for 'points'
    venn3: no visible global function definition for 'lines'
    venn3: no visible global function definition for 'text'
    venn4: no visible global function definition for 'plot'
    venn4: no visible global function definition for 'lines'
    venn4: no visible global function definition for 'runif'
    venn4: no visible global function definition for 'points'
    Undefined global functions or variables:
     combn legend lines plot points runif text title
    Consider adding
     importFrom("graphics", "legend", "lines", "plot", "points", "text",
     "title")
     importFrom("stats", "runif")
     importFrom("utils", "combn")
    to your NAMESPACE file.
Flavors: r-devel-linux-x86_64-debian-clang, r-devel-linux-x86_64-debian-gcc, r-devel-linux-x86_64-fedora-clang, r-devel-linux-x86_64-fedora-gcc, r-devel-windows-ix86+x86_64, r-devel-windows-ix86+x86_64-gcc8, r-patched-linux-x86_64, r-patched-solaris-x86, r-release-linux-x86_64, r-release-windows-ix86+x86_64, r-release-osx-x86_64, r-oldrel-windows-ix86+x86_64, r-oldrel-osx-x86_64