CRAN Package Check Results for Package detzrcr

Last updated on 2020-01-27 00:48:01 CET.

Flavor Version Tinstall Tcheck Ttotal Status Flags
r-devel-linux-x86_64-debian-clang 0.3.0 4.14 28.96 33.10 OK
r-devel-linux-x86_64-debian-gcc 0.3.0 3.63 22.98 26.61 OK
r-devel-linux-x86_64-fedora-clang 0.3.0 40.36 NOTE
r-devel-linux-x86_64-fedora-gcc 0.3.0 39.09 NOTE
r-devel-windows-ix86+x86_64 0.3.0 18.00 67.00 85.00 OK
r-devel-windows-ix86+x86_64-gcc8 0.3.0 12.00 49.00 61.00 OK
r-patched-linux-x86_64 0.3.0 3.46 26.41 29.87 OK
r-patched-solaris-x86 0.3.0 54.70 NOTE
r-release-linux-x86_64 0.3.0 3.10 26.71 29.81 OK
r-release-windows-ix86+x86_64 0.3.0 6.00 39.00 45.00 OK
r-release-osx-x86_64 0.3.0 NOTE
r-oldrel-windows-ix86+x86_64 0.3.0 5.00 41.00 46.00 OK
r-oldrel-osx-x86_64 0.3.0 NOTE

Check Details

Version: 0.3.0
Check: dependencies in R code
Result: NOTE
    Namespaces in Imports field not imported from:
     ‘DT’ ‘utils’
     All declared Imports should be used.
Flavors: r-devel-linux-x86_64-fedora-clang, r-devel-linux-x86_64-fedora-gcc, r-patched-solaris-x86, r-release-osx-x86_64, r-oldrel-osx-x86_64