CRAN Package Check Results for Package depmixS4

Last updated on 2020-01-27 00:48:01 CET.

Flavor Version Tinstall Tcheck Ttotal Status Flags
r-devel-linux-x86_64-debian-clang 1.4-2 10.85 112.75 123.60 NOTE
r-devel-linux-x86_64-debian-gcc 1.4-2 9.45 79.90 89.35 NOTE
r-devel-linux-x86_64-fedora-clang 1.4-2 144.16 NOTE
r-devel-linux-x86_64-fedora-gcc 1.4-2 151.13 NOTE
r-devel-windows-ix86+x86_64 1.4-2 30.00 214.00 244.00 NOTE
r-devel-windows-ix86+x86_64-gcc8 1.4-1 36.00 232.00 268.00 NOTE
r-patched-linux-x86_64 1.4-2 8.77 97.49 106.26 NOTE
r-patched-solaris-x86 1.4-2 159.40 NOTE
r-release-linux-x86_64 1.4-2 8.36 98.15 106.51 NOTE
r-release-windows-ix86+x86_64 1.4-2 15.00 150.00 165.00 NOTE
r-release-osx-x86_64 1.4-2 NOTE
r-oldrel-windows-ix86+x86_64 1.4-0 15.00 160.00 175.00 NOTE
r-oldrel-osx-x86_64 1.4-2 ERROR

Check Details

Version: 1.4-2
Check: package dependencies
Result: NOTE
    Package suggested but not available for checking: 'Rdonlp2'
Flavors: r-devel-linux-x86_64-debian-clang, r-devel-linux-x86_64-debian-gcc, r-devel-linux-x86_64-fedora-clang, r-devel-linux-x86_64-fedora-gcc, r-devel-windows-ix86+x86_64, r-patched-linux-x86_64, r-patched-solaris-x86, r-release-linux-x86_64, r-release-windows-ix86+x86_64, r-release-osx-x86_64, r-oldrel-osx-x86_64

Version: 1.4-1
Check: package dependencies
Result: NOTE
    Package suggested but not available for checking: 'Rdonlp2'
Flavor: r-devel-windows-ix86+x86_64-gcc8

Version: 1.4-0
Check: package dependencies
Result: NOTE
    Package suggested but not available for checking: 'Rdonlp2'
Flavor: r-oldrel-windows-ix86+x86_64

Version: 1.4-2
Check: whether package can be installed
Result: ERROR
    Installation failed.
Flavor: r-oldrel-osx-x86_64