CRAN Package Check Results for Package ddpcr

Last updated on 2020-01-27 00:48:00 CET.

Flavor Version Tinstall Tcheck Ttotal Status Flags
r-devel-linux-x86_64-debian-clang 1.12 7.36 115.18 122.54 OK
r-devel-linux-x86_64-debian-gcc 1.12 6.17 85.21 91.38 OK
r-devel-linux-x86_64-fedora-clang 1.12 145.05 OK
r-devel-linux-x86_64-fedora-gcc 1.12 141.65 OK
r-devel-windows-ix86+x86_64 1.12 30.00 191.00 221.00 OK
r-devel-windows-ix86+x86_64-gcc8 1.12 24.00 193.00 217.00 OK
r-patched-linux-x86_64 1.12 5.92 104.87 110.79 OK
r-patched-solaris-x86 1.12 202.20 NOTE
r-release-linux-x86_64 1.12 6.71 104.19 110.90 OK
r-release-windows-ix86+x86_64 1.12 14.00 133.00 147.00 OK
r-release-osx-x86_64 1.12 OK
r-oldrel-windows-ix86+x86_64 1.12 9.00 113.00 122.00 OK
r-oldrel-osx-x86_64 1.12 OK

Check Details

Version: 1.12
Check: installed package size
Result: NOTE
     installed size is 5.7Mb
     sub-directories of 1Mb or more:
     sample_data 3.6Mb
Flavor: r-patched-solaris-x86