Last updated on 2020-01-27 00:48:00 CET.
Flavor | Version | Tinstall | Tcheck | Ttotal | Status | Flags |
---|---|---|---|---|---|---|
r-devel-linux-x86_64-debian-clang | 1.1-5 | 133.69 | 100.37 | 234.06 | OK | |
r-devel-linux-x86_64-debian-gcc | 1.1-5 | 87.66 | 76.68 | 164.34 | OK | |
r-devel-linux-x86_64-fedora-clang | 1.1-5 | 324.31 | NOTE | |||
r-devel-linux-x86_64-fedora-gcc | 1.1-5 | 301.24 | OK | |||
r-devel-windows-ix86+x86_64 | 1.1-5 | 367.00 | 220.00 | 587.00 | OK | |
r-devel-windows-ix86+x86_64-gcc8 | 1.1-5 | 341.00 | 215.00 | 556.00 | OK | |
r-patched-linux-x86_64 | 1.1-5 | 102.49 | 90.37 | 192.86 | OK | |
r-patched-solaris-x86 | 1.1-5 | 298.30 | OK | |||
r-release-linux-x86_64 | 1.1-5 | 104.30 | 89.88 | 194.18 | OK | |
r-release-windows-ix86+x86_64 | 1.1-5 | 263.00 | 163.00 | 426.00 | OK | |
r-release-osx-x86_64 | 1.1-5 | NOTE | ||||
r-oldrel-windows-ix86+x86_64 | 1.1-5 | 271.00 | 158.00 | 429.00 | OK | |
r-oldrel-osx-x86_64 | 1.1-5 | NOTE |
Version: 1.1-5
Check: installed package size
Result: NOTE
installed size is 8.4Mb
sub-directories of 1Mb or more:
libs 7.1Mb
Flavors: r-devel-linux-x86_64-fedora-clang, r-release-osx-x86_64, r-oldrel-osx-x86_64