Last updated on 2020-01-27 00:48:00 CET.
Flavor | Version | Tinstall | Tcheck | Ttotal | Status | Flags |
---|---|---|---|---|---|---|
r-devel-linux-x86_64-debian-clang | 0.1.0 | 4.18 | 36.30 | 40.48 | NOTE | |
r-devel-linux-x86_64-debian-gcc | 0.1.0 | 3.27 | 29.12 | 32.39 | NOTE | |
r-devel-linux-x86_64-fedora-clang | 0.1.0 | 50.40 | OK | |||
r-devel-linux-x86_64-fedora-gcc | 0.1.0 | 48.31 | OK | |||
r-devel-windows-ix86+x86_64 | 0.1.0 | 14.00 | 76.00 | 90.00 | NOTE | |
r-devel-windows-ix86+x86_64-gcc8 | 0.1.0 | 19.00 | 72.00 | 91.00 | NOTE | |
r-patched-linux-x86_64 | 0.1.0 | 3.45 | 32.88 | 36.33 | OK | |
r-patched-solaris-x86 | 0.1.0 | 67.30 | OK | |||
r-release-linux-x86_64 | 0.1.0 | 3.58 | 32.97 | 36.55 | OK | |
r-release-windows-ix86+x86_64 | 0.1.0 | 9.00 | 48.00 | 57.00 | NOTE | |
r-release-osx-x86_64 | 0.1.0 | OK | ||||
r-oldrel-windows-ix86+x86_64 | 0.1.0 | 6.00 | 44.00 | 50.00 | NOTE | |
r-oldrel-osx-x86_64 | 0.1.0 | OK |
Version: 0.1.0
Check: package vignettes
Result: NOTE
Package vignette with placeholder title 'Vignette Title':
'verifyWrite.Rmd'
Flavors: r-devel-linux-x86_64-debian-clang, r-devel-linux-x86_64-debian-gcc, r-devel-windows-ix86+x86_64, r-devel-windows-ix86+x86_64-gcc8
Version: 0.1.0
Check: package dependencies
Result: NOTE
Package suggested but not available for checking: 'doMC'
Flavors: r-devel-windows-ix86+x86_64, r-devel-windows-ix86+x86_64-gcc8, r-release-windows-ix86+x86_64, r-oldrel-windows-ix86+x86_64