CRAN Package Check Results for Package datos

Last updated on 2020-01-27 00:48:00 CET.

Flavor Version Tinstall Tcheck Ttotal Status Flags
r-devel-linux-x86_64-debian-clang 0.2.0 4.22 65.90 70.12 OK
r-devel-linux-x86_64-debian-gcc 0.2.0 3.67 54.06 57.73 OK
r-devel-linux-x86_64-fedora-clang 0.2.0 79.74 WARN
r-devel-linux-x86_64-fedora-gcc 0.2.0 85.27 NOTE
r-devel-windows-ix86+x86_64 0.2.0 13.00 120.00 133.00 OK
r-devel-windows-ix86+x86_64-gcc8 0.2.0 23.00 83.00 106.00 OK
r-patched-linux-x86_64 0.2.0 3.02 60.42 63.44 OK
r-patched-solaris-x86 0.2.0 131.30 NOTE
r-release-linux-x86_64 0.2.0 3.89 61.19 65.08 OK
r-release-windows-ix86+x86_64 0.2.0 9.00 81.00 90.00 OK
r-release-osx-x86_64 0.2.0 NOTE
r-oldrel-windows-ix86+x86_64 0.2.0 6.00 74.00 80.00 OK
r-oldrel-osx-x86_64 0.2.0 NOTE

Check Details

Version: 0.2.0
Check: data for non-ASCII characters
Result: WARN
     Error loading dataset 'aerolineas':
     Error in loadNamespace(name) : there is no package called 'nycflights13'
    
     Error loading dataset 'aeropuertos':
     Error in loadNamespace(name) : there is no package called 'nycflights13'
    
     Error loading dataset 'atmosfera':
     Error in loadNamespace(name) : there is no package called 'nasaweather'
    
     Error loading dataset 'aviones':
     Error in loadNamespace(name) : there is no package called 'nycflights13'
    
     Error loading dataset 'bateadores':
     Error in loadNamespace(name) : there is no package called 'Lahman'
    
     Error loading dataset 'clima':
     Error in loadNamespace(name) : there is no package called 'nycflights13'
    
     Error loading dataset 'comunes':
     Error in loadNamespace(name) : there is no package called 'fueleconomy'
    
     Error loading dataset 'diamantes':
     Error in loadNamespace(name) : there is no package called 'ggplot2'
    
     Error loading dataset 'dirigentes':
     Error in loadNamespace(name) : there is no package called 'Lahman'
    
     Error loading dataset 'encuesta':
     Error in loadNamespace(name) : there is no package called 'forcats'
    
     Error loading dataset 'jardineros':
     Error in loadNamespace(name) : there is no package called 'Lahman'
    
     Error loading dataset 'lanzadores':
     Error in loadNamespace(name) : there is no package called 'Lahman'
    
     Error loading dataset 'millas':
     Error in loadNamespace(name) : there is no package called 'ggplot2'
    
     Error loading dataset 'nombres':
     Error in loadNamespace(name) : there is no package called 'babynames'
    
     Error loading dataset 'oms':
     Error in loadNamespace(name) : there is no package called 'tidyr'
    
     Error loading dataset 'paises':
     Error in loadNamespace(name) : there is no package called 'gapminder'
    
     Error loading dataset 'personas':
     Error in loadNamespace(name) : there is no package called 'Lahman'
    
     Error loading dataset 'premios_dirigentes':
     Error in loadNamespace(name) : there is no package called 'Lahman'
    
     Error loading dataset 'presidencial':
     Error in loadNamespace(name) : there is no package called 'ggplot2'
    
     Error loading dataset 'salarios':
     Error in loadNamespace(name) : there is no package called 'Lahman'
    
     Error loading dataset 'tabla1':
     Error in loadNamespace(name) : there is no package called 'tidyr'
    
     Error loading dataset 'tabla2':
     Error in loadNamespace(name) : there is no package called 'tidyr'
    
     Error loading dataset 'tabla3':
     Error in loadNamespace(name) : there is no package called 'tidyr'
    
     Error loading dataset 'tabla4a':
     Error in loadNamespace(name) : there is no package called 'tidyr'
    
     Error loading dataset 'tabla4b':
     Error in loadNamespace(name) : there is no package called 'tidyr'
    
     Error loading dataset 'tabla5':
     Error in loadNamespace(name) : there is no package called 'tidyr'
    
     Error loading dataset 'vehiculos':
     Error in loadNamespace(name) : there is no package called 'fueleconomy'
    
     Error loading dataset 'vuelos':
     Error in loadNamespace(name) : there is no package called 'nycflights13'
    
     Note: found 225 marked UTF-8 strings
     The dataset(s) may use package(s) not declared in Depends/Imports.
Flavor: r-devel-linux-x86_64-fedora-clang

Version: 0.2.0
Check: data for non-ASCII characters
Result: NOTE
     Note: found 259 marked UTF-8 strings
Flavors: r-devel-linux-x86_64-fedora-gcc, r-patched-solaris-x86, r-release-osx-x86_64, r-oldrel-osx-x86_64