CRAN Package Check Results for Package dataesgobr

Last updated on 2020-01-27 00:48:00 CET.

Flavor Version Tinstall Tcheck Ttotal Status Flags
r-devel-linux-x86_64-debian-clang 1.0.0 5.83 49.73 55.56 OK
r-devel-linux-x86_64-debian-gcc 1.0.0 4.58 37.87 42.45 OK
r-devel-linux-x86_64-fedora-clang 1.0.0 66.68 NOTE
r-devel-linux-x86_64-fedora-gcc 1.0.0 65.60 NOTE
r-devel-windows-ix86+x86_64 1.0.0 32.00 98.00 130.00 OK
r-devel-windows-ix86+x86_64-gcc8 1.0.0 22.00 97.00 119.00 OK
r-patched-linux-x86_64 1.0.0 4.86 43.43 48.29 OK
r-patched-solaris-x86 1.0.0 109.40 NOTE
r-release-linux-x86_64 1.0.0 5.08 43.47 48.55 OK
r-release-windows-ix86+x86_64 1.0.0 13.00 67.00 80.00 OK
r-release-osx-x86_64 1.0.0 NOTE
r-oldrel-windows-ix86+x86_64 1.0.0 7.00 58.00 65.00 OK
r-oldrel-osx-x86_64 1.0.0 NOTE

Check Details

Version: 1.0.0
Check: dependencies in R code
Result: NOTE
    Namespaces in Imports field not imported from:
     ‘DT’ ‘shinyFiles’ ‘shinycssloaders’ ‘shinyjs’ ‘shinythemes’
     All declared Imports should be used.
Flavors: r-devel-linux-x86_64-fedora-clang, r-devel-linux-x86_64-fedora-gcc, r-patched-solaris-x86, r-release-osx-x86_64, r-oldrel-osx-x86_64