CRAN Package Check Results for Package dMod

Last updated on 2020-01-27 00:48:01 CET.

Flavor Version Tinstall Tcheck Ttotal Status Flags
r-devel-linux-x86_64-debian-clang 1.0.0 12.33 173.09 185.42 OK
r-devel-linux-x86_64-debian-gcc 1.0.0 12.32 128.78 141.10 OK
r-devel-linux-x86_64-fedora-clang 1.0.0 214.10 OK
r-devel-linux-x86_64-fedora-gcc 1.0.0 211.49 OK
r-devel-windows-ix86+x86_64 1.0.0 29.00 265.00 294.00 NOTE
r-devel-windows-ix86+x86_64-gcc8 1.0.0 39.00 264.00 303.00 NOTE
r-patched-linux-x86_64 1.0.0 11.16 151.21 162.37 OK
r-patched-solaris-x86 1.0.0 211.00 OK
r-release-linux-x86_64 1.0.0 12.50 151.70 164.20 OK
r-release-windows-ix86+x86_64 1.0.0 21.00 178.00 199.00 NOTE
r-release-osx-x86_64 1.0.0 OK
r-oldrel-windows-ix86+x86_64 1.0.0 17.00 165.00 182.00 NOTE
r-oldrel-osx-x86_64 1.0.0 OK

Check Details

Version: 1.0.0
Check: package dependencies
Result: NOTE
    Package suggested but not available for checking: 'rPython'
Flavors: r-devel-windows-ix86+x86_64, r-devel-windows-ix86+x86_64-gcc8, r-release-windows-ix86+x86_64, r-oldrel-windows-ix86+x86_64