Last updated on 2020-01-27 00:48:00 CET.
Flavor | Version | Tinstall | Tcheck | Ttotal | Status | Flags |
---|---|---|---|---|---|---|
r-devel-linux-x86_64-debian-clang | 0.1-3 | 11.66 | 69.95 | 81.61 | OK | |
r-devel-linux-x86_64-debian-gcc | 0.1-3 | 9.65 | 53.08 | 62.73 | OK | |
r-devel-linux-x86_64-fedora-clang | 0.1-3 | 100.05 | OK | |||
r-devel-linux-x86_64-fedora-gcc | 0.1-3 | 96.21 | OK | |||
r-devel-windows-ix86+x86_64 | 0.1-3 | 38.00 | 121.00 | 159.00 | OK | |
r-devel-windows-ix86+x86_64-gcc8 | 0.1-3 | 31.00 | 124.00 | 155.00 | OK | |
r-patched-linux-x86_64 | 0.1-3 | 11.14 | 62.90 | 74.04 | OK | |
r-patched-solaris-x86 | 0.1-3 | 110.50 | OK | |||
r-release-linux-x86_64 | 0.1-3 | 10.81 | 63.11 | 73.92 | OK | |
r-release-windows-ix86+x86_64 | 0.1-3 | 23.00 | 92.00 | 115.00 | OK | |
r-release-osx-x86_64 | 0.1-3 | NOTE | ||||
r-oldrel-windows-ix86+x86_64 | 0.1-3 | 17.00 | 112.00 | 129.00 | OK | |
r-oldrel-osx-x86_64 | 0.1-3 | NOTE |
Version: 0.1-3
Check: package dependencies
Result: NOTE
Package which this enhances but not available for checking: ‘pbdMPI’
Flavors: r-release-osx-x86_64, r-oldrel-osx-x86_64