CRAN Package Check Results for Package csodata

Last updated on 2020-01-27 00:48:00 CET.

Flavor Version Tinstall Tcheck Ttotal Status Flags
r-devel-linux-x86_64-debian-clang 0.1.5.0 2.21 31.75 33.96 OK
r-devel-linux-x86_64-debian-gcc 0.1.5.0 2.00 18.65 20.65 ERROR
r-devel-linux-x86_64-fedora-clang 0.1.5.0 42.84 OK
r-devel-linux-x86_64-fedora-gcc 0.1.5.0 41.11 OK
r-devel-windows-ix86+x86_64 0.1.5.0 8.00 83.00 91.00 OK
r-devel-windows-ix86+x86_64-gcc8 0.1.5.0 16.00 84.00 100.00 OK
r-patched-linux-x86_64 0.1.5.0 1.89 29.24 31.13 OK
r-patched-solaris-x86 0.1.5.0 59.00 OK
r-release-linux-x86_64 0.1.5.0 1.61 29.29 30.90 OK
r-release-windows-ix86+x86_64 0.1.5.0 6.00 63.00 69.00 OK
r-release-osx-x86_64 0.1.5.0 OK
r-oldrel-windows-ix86+x86_64 0.1.5.0 3.00 60.00 63.00 OK
r-oldrel-osx-x86_64 0.1.5.0 OK

Check Details

Version: 0.1.5.0
Check: examples
Result: ERROR
    Running examples in ‘csodata-Ex.R’ failed
    The error most likely occurred in:
    
    > base::assign(".ptime", proc.time(), pos = "CheckExEnv")
    > ### Name: cso_disp_meta
    > ### Title: Prints metadata from a StatBank table to the console
    > ### Aliases: cso_disp_meta
    >
    > ### ** Examples
    >
    > cso_disp_meta("EP001")
    Error in cso_download_tbl(table_code, cache_data) :
     Not a valid table code. See cso_get_toc() for all valid tables.
    Calls: cso_disp_meta -> cso_get_meta -> cso_download_tbl
    Execution halted
Flavor: r-devel-linux-x86_64-debian-gcc

Version: 0.1.5.0
Check: re-building of vignette outputs
Result: WARN
    Error(s) in re-building vignettes:
     ...
    --- re-building ‘quick_start_guide.Rmd’ using rmarkdown
    Quitting from lines 33-35 (quick_start_guide.Rmd)
    Error: processing vignette 'quick_start_guide.Rmd' failed with diagnostics:
    HTTP error 400.
    --- failed re-building ‘quick_start_guide.Rmd’
    
    SUMMARY: processing the following file failed:
     ‘quick_start_guide.Rmd’
    
    Error: Vignette re-building failed.
    Execution halted
Flavor: r-devel-linux-x86_64-debian-gcc