CRAN Package Check Results for Package credule

Last updated on 2020-01-27 00:48:00 CET.

Flavor Version Tinstall Tcheck Ttotal Status Flags
r-devel-linux-x86_64-debian-clang 0.1.3 2.81 21.87 24.68 OK
r-devel-linux-x86_64-debian-gcc 0.1.3 2.18 17.51 19.69 OK
r-devel-linux-x86_64-fedora-clang 0.1.3 31.80 NOTE
r-devel-linux-x86_64-fedora-gcc 0.1.3 31.22 NOTE
r-devel-windows-ix86+x86_64 0.1.3 14.00 66.00 80.00 OK
r-devel-windows-ix86+x86_64-gcc8 0.1.3 11.00 56.00 67.00 OK
r-patched-linux-x86_64 0.1.3 2.10 20.23 22.33 OK
r-patched-solaris-x86 0.1.3 41.70 OK
r-release-linux-x86_64 0.1.3 2.09 20.37 22.46 OK
r-release-windows-ix86+x86_64 0.1.3 8.00 39.00 47.00 OK
r-release-osx-x86_64 0.1.3 OK
r-oldrel-windows-ix86+x86_64 0.1.3 7.00 37.00 44.00 OK
r-oldrel-osx-x86_64 0.1.3 OK

Check Details

Version: 0.1.3
Check: compiled code
Result: NOTE
    File ‘credule/libs/credule.so’:
     Found no calls to: ‘R_registerRoutines’, ‘R_useDynamicSymbols’
    
    It is good practice to register native routines and to disable symbol
    search.
    
    See ‘Writing portable packages’ in the ‘Writing R Extensions’ manual.
Flavors: r-devel-linux-x86_64-fedora-clang, r-devel-linux-x86_64-fedora-gcc