CRAN Package Check Results for Package cpr

Last updated on 2020-01-27 00:48:00 CET.

Flavor Version Tinstall Tcheck Ttotal Status Flags
r-devel-linux-x86_64-debian-clang 0.2.3 86.37 81.89 168.26 OK
r-devel-linux-x86_64-debian-gcc 0.2.3 63.03 63.73 126.76 OK
r-devel-linux-x86_64-fedora-clang 0.2.3 230.03 OK
r-devel-linux-x86_64-fedora-gcc 0.2.3 223.97 OK
r-devel-windows-ix86+x86_64 0.2.3 252.00 207.00 459.00 OK
r-devel-windows-ix86+x86_64-gcc8 0.2.3 250.00 194.00 444.00 OK
r-patched-linux-x86_64 0.2.3 70.77 72.21 142.98 OK
r-patched-solaris-x86 0.2.3 244.10 OK
r-release-linux-x86_64 0.2.3 69.86 72.83 142.69 OK
r-release-windows-ix86+x86_64 0.2.3 151.00 136.00 287.00 OK
r-release-osx-x86_64 0.2.3 OK
r-oldrel-windows-ix86+x86_64 0.2.3 134.00 139.00 273.00 ERROR
r-oldrel-osx-x86_64 0.2.3 OK

Check Details

Version: 0.2.3
Check: whether package can be installed
Result: ERROR
    Installation failed.
Flavor: r-oldrel-windows-ix86+x86_64