CRAN Package Check Results for Package covafillr

Last updated on 2020-01-27 00:48:00 CET.

Flavor Version Tinstall Tcheck Ttotal Status Flags
r-devel-linux-x86_64-debian-clang 0.4.4 25.74 29.04 54.78 OK
r-devel-linux-x86_64-debian-gcc 0.4.4 22.14 23.75 45.89 OK
r-devel-linux-x86_64-fedora-clang 0.4.4 70.68 NOTE
r-devel-linux-x86_64-fedora-gcc 0.4.4 74.73 OK
r-devel-windows-ix86+x86_64 0.4.4 58.00 87.00 145.00 OK
r-devel-windows-ix86+x86_64-gcc8 0.4.4 63.00 82.00 145.00 OK
r-patched-linux-x86_64 0.4.4 23.44 26.95 50.39 OK
r-patched-solaris-x86 0.4.4 73.00 OK
r-release-linux-x86_64 0.4.4 22.80 27.03 49.83 OK
r-release-windows-ix86+x86_64 0.4.4 38.00 61.00 99.00 OK
r-release-osx-x86_64 0.4.4 NOTE
r-oldrel-windows-ix86+x86_64 0.4.4 35.00 57.00 92.00 OK
r-oldrel-osx-x86_64 0.4.4 NOTE

Check Details

Version: 0.4.4
Check: installed package size
Result: NOTE
     installed size is 9.0Mb
     sub-directories of 1Mb or more:
     libs 8.3Mb
Flavors: r-devel-linux-x86_64-fedora-clang, r-release-osx-x86_64, r-oldrel-osx-x86_64